CRAN Package Check Results for Package mfp2

Last updated on 2025-05-01 15:49:36 CEST.

Flavor Version Tinstall Tcheck Ttotal Status Flags
r-devel-linux-x86_64-debian-clang 1.0.0 12.84 143.54 156.38 NOTE
r-devel-linux-x86_64-debian-gcc 1.0.0 8.60 102.56 111.16 OK
r-devel-linux-x86_64-fedora-clang 1.0.0 226.74 OK
r-devel-linux-x86_64-fedora-gcc 1.0.0 236.71 OK
r-devel-windows-x86_64 1.0.0 12.00 154.00 166.00 OK
r-patched-linux-x86_64 1.0.0 10.86 133.03 143.89 OK
r-release-linux-x86_64 OK
r-release-macos-arm64 1.0.0 72.00 OK
r-release-macos-x86_64 1.0.0 139.00 OK
r-release-windows-x86_64 1.0.0 13.00 160.00 173.00 OK
r-oldrel-macos-arm64 1.0.0 62.00 OK
r-oldrel-macos-x86_64 1.0.0 120.00 OK
r-oldrel-windows-x86_64 1.0.0 16.00 188.00 204.00 OK

Check Details

Version: 1.0.0
Check: examples
Result: NOTE Examples with CPU (user + system) or elapsed time > 5s user system elapsed mfp2 7.077 0.149 10.907 Flavor: r-devel-linux-x86_64-debian-clang

Version: 1.0.0
Check: examples
Result: NA user system elapsed mfp2 4.744 0.042 6.904 OK Flavor: r-devel-linux-x86_64-debian-gcc

These binaries (installable software) and packages are in development.
They may not be fully stable and should be used with caution. We make no claims about them.