Last updated on 2025-05-01 14:49:15 CEST.
Flavor | Version | Tinstall | Tcheck | Ttotal | Status | Flags |
---|---|---|---|---|---|---|
r-devel-linux-x86_64-debian-clang | 1.2-2 | 5.75 | 64.28 | 70.03 | NOTE | |
r-devel-linux-x86_64-debian-gcc | 1.2-2 | 4.50 | 49.34 | 53.84 | NOTE | |
r-devel-linux-x86_64-fedora-clang | 1.2-2 | 109.74 | OK | |||
r-devel-linux-x86_64-fedora-gcc | 1.2-2 | 121.15 | OK | |||
r-devel-windows-x86_64 | 1.2-2 | 7.00 | 101.00 | 108.00 | OK | |
r-patched-linux-x86_64 | 1.2-2 | 5.95 | 62.71 | 68.66 | OK | |
r-release-linux-x86_64 | OK | |||||
r-release-macos-arm64 | 1.2-2 | 43.00 | OK | |||
r-release-macos-x86_64 | 1.2-2 | 81.00 | OK | |||
r-release-windows-x86_64 | 1.2-2 | 8.00 | 105.00 | 113.00 | OK | |
r-oldrel-macos-arm64 | 1.2-2 | 38.00 | OK | |||
r-oldrel-macos-x86_64 | 1.2-2 | 68.00 | OK | |||
r-oldrel-windows-x86_64 | 1.2-2 | 8.00 | 112.00 | 120.00 | OK |
Version: 1.2-2
Check: CRAN incoming feasibility
Result: NOTE
Maintainer: ‘Alan Fernihough <alan.fernihough@gmail.com>’
File 'R/mfx-internal.R' sets .Random.seed.
This is usually neither needed nor wanted.
Flavors: r-devel-linux-x86_64-debian-clang, r-devel-linux-x86_64-debian-gcc
These binaries (installable software) and packages are in development.
They may not be fully stable and should be used with caution. We make no claims about them.