Last updated on 2025-05-01 22:49:47 CEST.
Flavor | Version | Tinstall | Tcheck | Ttotal | Status | Flags |
---|---|---|---|---|---|---|
r-devel-linux-x86_64-debian-clang | 0.2.0 | 20.73 | 278.85 | 299.58 | NOTE | |
r-devel-linux-x86_64-debian-gcc | 0.2.0 | 13.84 | 202.05 | 215.89 | OK | |
r-devel-linux-x86_64-fedora-clang | 0.2.0 | 470.85 | OK | |||
r-devel-linux-x86_64-fedora-gcc | 0.2.0 | 468.98 | OK | |||
r-devel-windows-x86_64 | 0.2.0 | 22.00 | 359.00 | 381.00 | OK | |
r-patched-linux-x86_64 | 0.2.0 | 21.11 | 267.37 | 288.48 | OK | |
r-release-linux-x86_64 | OK | |||||
r-release-macos-arm64 | 0.2.0 | 94.00 | OK | |||
r-release-macos-x86_64 | 0.2.0 | 224.00 | OK | |||
r-release-windows-x86_64 | 0.2.0 | 23.00 | 358.00 | 381.00 | OK | |
r-oldrel-macos-arm64 | 0.2.0 | 123.00 | OK | |||
r-oldrel-macos-x86_64 | 0.2.0 | 253.00 | OK | |||
r-oldrel-windows-x86_64 | 0.2.0 | 28.00 | 446.00 | 474.00 | OK |
Version: 0.2.0
Check: examples
Result: NOTE
Examples with CPU (user + system) or elapsed time > 5s
user system elapsed
plot.mgamViz 5.498 0.031 6.144
plot.mgcv.smooth.2D 4.626 0.008 5.368
Flavor: r-devel-linux-x86_64-debian-clang
These binaries (installable software) and packages are in development.
They may not be fully stable and should be used with caution. We make no claims about them.