Last updated on 2025-05-08 04:52:10 CEST.
Flavor | Version | Tinstall | Tcheck | Ttotal | Status | Flags |
---|---|---|---|---|---|---|
r-devel-linux-x86_64-debian-clang | 1.9-3 | 97.92 | 392.11 | 490.03 | OK | |
r-devel-linux-x86_64-debian-gcc | 1.9-3 | 62.28 | 255.86 | 318.14 | OK | |
r-devel-linux-x86_64-fedora-clang | 1.9-3 | 778.40 | OK | |||
r-devel-linux-x86_64-fedora-gcc | 1.9-3 | 829.07 | OK | |||
r-devel-windows-x86_64 | 1.9-3 | 101.00 | 398.00 | 499.00 | OK | |
r-patched-linux-x86_64 | 1.9-3 | 101.71 | 379.17 | 480.88 | OK | |
r-release-linux-x86_64 | 1.9-3 | 89.55 | 385.47 | 475.02 | OK | |
r-release-macos-arm64 | 1.9-3 | 186.00 | OK | |||
r-release-macos-x86_64 | 1.9-3 | 471.00 | OK | |||
r-release-windows-x86_64 | 1.9-3 | 102.00 | 398.00 | 500.00 | OK | |
r-oldrel-macos-arm64 | 1.9-3 | 187.00 | NOTE | |||
r-oldrel-macos-x86_64 | 1.9-3 | 462.00 | NOTE | |||
r-oldrel-windows-x86_64 | 1.9-3 | 134.00 | 503.00 | 637.00 | OK |
Version: 1.9-3
Check: installed package size
Result: NOTE
installed size is 5.9Mb
sub-directories of 1Mb or more:
R 3.1Mb
libs 1.7Mb
Flavors: r-oldrel-macos-arm64, r-oldrel-macos-x86_64
These binaries (installable software) and packages are in development.
They may not be fully stable and should be used with caution. We make no claims about them.