Last updated on 2025-11-13 17:50:39 CET.
| Flavor | Version | Tinstall | Tcheck | Ttotal | Status | Flags |
|---|---|---|---|---|---|---|
| r-devel-linux-x86_64-debian-clang | 1.9-4 | 103.50 | 428.66 | 532.16 | OK | |
| r-devel-linux-x86_64-debian-gcc | 1.9-4 | 66.35 | 273.57 | 339.92 | OK | |
| r-devel-linux-x86_64-fedora-clang | 1.9-4 | 420.00 | 419.05 | 839.05 | OK | |
| r-devel-linux-x86_64-fedora-gcc | 1.9-4 | 235.00 | 571.01 | 806.01 | OK | |
| r-devel-windows-x86_64 | 1.9-4 | 112.00 | 421.00 | 533.00 | OK | |
| r-patched-linux-x86_64 | 1.9-4 | 107.89 | 412.68 | 520.57 | OK | |
| r-release-linux-x86_64 | 1.9-4 | 104.39 | 412.47 | 516.86 | OK | |
| r-release-macos-arm64 | 1.9-4 | 43.00 | 172.00 | 215.00 | OK | |
| r-release-macos-x86_64 | 1.9-4 | 156.00 | 527.00 | 683.00 | OK | |
| r-release-windows-x86_64 | 1.9-4 | 116.00 | 400.00 | 516.00 | OK | |
| r-oldrel-macos-arm64 | 1.9-4 | 41.00 | 174.00 | 215.00 | NOTE | |
| r-oldrel-macos-x86_64 | 1.9-4 | 86.00 | 439.00 | 525.00 | NOTE | |
| r-oldrel-windows-x86_64 | 1.9-4 | 94.00 | 409.00 | 503.00 | OK |
Version: 1.9-4
Check: installed package size
Result: NOTE
installed size is 5.9Mb
sub-directories of 1Mb or more:
R 3.0Mb
libs 1.7Mb
Flavors: r-oldrel-macos-arm64, r-oldrel-macos-x86_64
These binaries (installable software) and packages are in development.
They may not be fully stable and should be used with caution. We make no claims about them.