Last updated on 2025-07-26 03:49:55 CEST.
Flavor | Version | Tinstall | Tcheck | Ttotal | Status | Flags |
---|---|---|---|---|---|---|
r-devel-linux-x86_64-debian-clang | 1.9-3 | 102.48 | 393.26 | 495.74 | OK | |
r-devel-linux-x86_64-debian-gcc | 1.9-3 | 61.34 | 252.38 | 313.72 | OK | |
r-devel-linux-x86_64-fedora-clang | 1.9-3 | 774.59 | OK | |||
r-devel-linux-x86_64-fedora-gcc | 1.9-3 | 784.63 | OK | |||
r-devel-windows-x86_64 | 1.9-3 | 104.00 | 410.00 | 514.00 | OK | |
r-patched-linux-x86_64 | 1.9-3 | 94.24 | 383.59 | 477.83 | OK | |
r-release-linux-x86_64 | 1.9-3 | 90.60 | 384.18 | 474.78 | OK | |
r-release-macos-arm64 | 1.9-3 | 186.00 | OK | |||
r-release-macos-x86_64 | 1.9-3 | 471.00 | OK | |||
r-release-windows-x86_64 | 1.9-3 | 102.00 | 427.00 | 529.00 | OK | |
r-oldrel-macos-arm64 | 1.9-3 | 187.00 | NOTE | |||
r-oldrel-macos-x86_64 | 1.9-3 | 462.00 | NOTE | |||
r-oldrel-windows-x86_64 | 1.9-3 | 139.00 | 528.00 | 667.00 | OK |
Version: 1.9-3
Check: installed package size
Result: NOTE
installed size is 5.9Mb
sub-directories of 1Mb or more:
R 3.1Mb
libs 1.7Mb
Flavors: r-oldrel-macos-arm64, r-oldrel-macos-x86_64
These binaries (installable software) and packages are in development.
They may not be fully stable and should be used with caution. We make no claims about them.