Last updated on 2025-11-13 15:51:16 CET.
| Flavor | Version | Tinstall | Tcheck | Ttotal | Status | Flags |
|---|---|---|---|---|---|---|
| r-devel-linux-x86_64-debian-clang | 0.1.0 | 2.62 | 38.35 | 40.97 | NOTE | |
| r-devel-linux-x86_64-debian-gcc | 0.1.0 | 2.19 | 28.79 | 30.98 | NOTE | |
| r-devel-linux-x86_64-fedora-clang | 0.1.0 | 60.54 | OK | |||
| r-devel-linux-x86_64-fedora-gcc | 0.1.0 | 58.56 | OK | |||
| r-devel-windows-x86_64 | 0.1.0 | 3.00 | 53.00 | 56.00 | OK | |
| r-patched-linux-x86_64 | 0.1.0 | 2.89 | 36.26 | 39.15 | OK | |
| r-release-linux-x86_64 | 0.1.0 | 2.79 | 36.26 | 39.05 | OK | |
| r-release-macos-arm64 | 0.1.0 | 2.00 | 21.00 | 23.00 | OK | |
| r-release-macos-x86_64 | 0.1.0 | 3.00 | 37.00 | 40.00 | OK | |
| r-release-windows-x86_64 | 0.1.0 | 4.00 | 53.00 | 57.00 | OK | |
| r-oldrel-macos-arm64 | 0.1.0 | 2.00 | 19.00 | 21.00 | OK | |
| r-oldrel-macos-x86_64 | 0.1.0 | 3.00 | 30.00 | 33.00 | OK | |
| r-oldrel-windows-x86_64 | 0.1.0 | 5.00 | 63.00 | 68.00 | OK |
Version: 0.1.0
Check: CRAN incoming feasibility
Result: NOTE
Maintainer: ‘Masatoshi Katabuchi <mattocci27@gmail.com>’
No Authors@R field in DESCRIPTION.
Please add one, modifying
Authors@R: c(person(given = "Masatoshi",
family = "Katabuchi",
role = c("aut", "cre"),
email = "mattocci27@gmail.com"),
person(given = "Akihiro",
family = "Nakamura",
role = "aut"))
as necessary.
Package CITATION file contains call(s) to old-style citEntry(). Please
use bibentry() instead.
Flavors: r-devel-linux-x86_64-debian-clang, r-devel-linux-x86_64-debian-gcc
These binaries (installable software) and packages are in development.
They may not be fully stable and should be used with caution. We make no claims about them.