CRAN Package Check Results for Package mglmn

Last updated on 2025-07-25 01:49:32 CEST.

Flavor Version Tinstall Tcheck Ttotal Status Flags
r-devel-linux-x86_64-debian-clang 0.1.0 2.60 37.51 40.11 NOTE
r-devel-linux-x86_64-debian-gcc 0.1.0 2.37 28.15 30.52 NOTE
r-devel-linux-x86_64-fedora-clang 0.1.0 61.06 OK
r-devel-linux-x86_64-fedora-gcc 0.1.0 59.89 OK
r-devel-windows-x86_64 0.1.0 4.00 59.00 63.00 OK
r-patched-linux-x86_64 0.1.0 2.72 35.49 38.21 OK
r-release-linux-x86_64 0.1.0 2.61 35.05 37.66 OK
r-release-macos-arm64 0.1.0 23.00 OK
r-release-macos-x86_64 0.1.0 40.00 OK
r-release-windows-x86_64 0.1.0 4.00 57.00 61.00 OK
r-oldrel-macos-arm64 0.1.0 21.00 OK
r-oldrel-macos-x86_64 0.1.0 33.00 OK
r-oldrel-windows-x86_64 0.1.0 4.00 64.00 68.00 OK

Check Details

Version: 0.1.0
Check: CRAN incoming feasibility
Result: NOTE Maintainer: ‘Masatoshi Katabuchi <mattocci27@gmail.com>’ No Authors@R field in DESCRIPTION. Please add one, modifying Authors@R: c(person(given = "Masatoshi", family = "Katabuchi", role = c("aut", "cre"), email = "mattocci27@gmail.com"), person(given = "Akihiro", family = "Nakamura", role = "aut")) as necessary. Package CITATION file contains call(s) to old-style citEntry(). Please use bibentry() instead. Flavors: r-devel-linux-x86_64-debian-clang, r-devel-linux-x86_64-debian-gcc

These binaries (installable software) and packages are in development.
They may not be fully stable and should be used with caution. We make no claims about them.