Last updated on 2025-02-19 16:50:56 CET.
Flavor | Version | Tinstall | Tcheck | Ttotal | Status | Flags |
---|---|---|---|---|---|---|
r-devel-linux-x86_64-debian-clang | 1.2 | 15.44 | 61.50 | 76.94 | NOTE | |
r-devel-linux-x86_64-debian-gcc | 1.2 | 11.69 | 46.89 | 58.58 | NOTE | |
r-devel-linux-x86_64-fedora-clang | 1.2 | 127.31 | NOTE | |||
r-devel-linux-x86_64-fedora-gcc | 1.2 | 132.71 | NOTE | |||
r-devel-macos-arm64 | 1.2 | 37.00 | NOTE | |||
r-devel-macos-x86_64 | 1.2 | 92.00 | NOTE | |||
r-devel-windows-x86_64 | 1.2 | 19.00 | 90.00 | 109.00 | NOTE | |
r-patched-linux-x86_64 | 1.2 | 16.32 | 58.00 | 74.32 | NOTE | |
r-release-linux-x86_64 | 1.2 | 15.37 | 59.46 | 74.83 | NOTE | |
r-release-macos-arm64 | 1.2 | 39.00 | NOTE | |||
r-release-macos-x86_64 | 1.2 | 74.00 | NOTE | |||
r-release-windows-x86_64 | 1.2 | 19.00 | 90.00 | 109.00 | NOTE | |
r-oldrel-macos-arm64 | 1.2 | 47.00 | NOTE | |||
r-oldrel-macos-x86_64 | 1.2 | 69.00 | NOTE | |||
r-oldrel-windows-x86_64 | 1.2 | 19.00 | 112.00 | 131.00 | NOTE |
Version: 1.2
Check: C++ specification
Result: NOTE
Specified C++14: please drop specification unless essential
Flavors: r-devel-linux-x86_64-debian-clang, r-devel-linux-x86_64-debian-gcc, r-devel-linux-x86_64-fedora-clang, r-devel-linux-x86_64-fedora-gcc, r-devel-macos-arm64, r-devel-macos-x86_64, r-devel-windows-x86_64, r-patched-linux-x86_64, r-release-linux-x86_64, r-release-macos-arm64, r-release-macos-x86_64, r-release-windows-x86_64, r-oldrel-macos-arm64, r-oldrel-macos-x86_64, r-oldrel-windows-x86_64
These binaries (installable software) and packages are in development.
They may not be fully stable and should be used with caution. We make no claims about them.