Last updated on 2025-10-23 11:50:19 CEST.
Flavor | Version | Tinstall | Tcheck | Ttotal | Status | Flags |
---|---|---|---|---|---|---|
r-devel-linux-x86_64-debian-clang | 1.7.3 | 1.77 | 28.51 | 30.28 | NOTE | |
r-devel-linux-x86_64-debian-gcc | 1.7.3 | 1.30 | 23.80 | 25.10 | OK | |
r-devel-linux-x86_64-fedora-clang | 1.7.3 | 44.62 | OK | |||
r-devel-linux-x86_64-fedora-gcc | 1.7.3 | 56.67 | OK | |||
r-devel-windows-x86_64 | 1.7.3 | 5.00 | 46.00 | 51.00 | OK | |
r-patched-linux-x86_64 | 1.7.3 | 1.35 | 25.71 | 27.06 | OK | |
r-release-linux-x86_64 | 1.7.3 | 1.43 | 25.86 | 27.29 | OK | |
r-release-macos-arm64 | 1.7.3 | 1.00 | 24.00 | 25.00 | OK | |
r-release-macos-x86_64 | 1.7.3 | 2.00 | 50.00 | 52.00 | OK | |
r-release-windows-x86_64 | 1.7.3 | 5.00 | 47.00 | 52.00 | OK | |
r-oldrel-macos-arm64 | 1.7.3 | 1.00 | 27.00 | 28.00 | OK | |
r-oldrel-macos-x86_64 | 1.7.3 | 1.00 | 36.00 | 37.00 | OK | |
r-oldrel-windows-x86_64 | 1.7.3 | 3.00 | 56.00 | 59.00 | OK |
Version: 1.7.3
Check: HTML version of manual
Result: NOTE
Found the following HTML validation problems:
censor_worker.html:68:1 (censor_worker.Rd:22): Warning: missing </ul> before </div>
fast_replace.html:60:1 (fast_replace.Rd:17): Warning: missing </ul> before </div>
filter_overlap.html:49:1 (filter_overlap.Rd:12): Warning: missing </ul> before </div>
get_matches.html:59:1 (get_matches.Rd:16): Warning: missing </ul> before </div>
worker.html:59:1 (worker.Rd:17): Warning: missing </ul> before </div>
Flavor: r-devel-linux-x86_64-debian-clang
These binaries (installable software) and packages are in development.
They may not be fully stable and should be used with caution. We make no claims about them.