Last updated on 2024-07-27 15:50:25 CEST.
Flavor | Version | Tinstall | Tcheck | Ttotal | Status | Flags |
---|---|---|---|---|---|---|
r-devel-linux-x86_64-debian-clang | 1.1 | 3.16 | 93.87 | 97.03 | NOTE | |
r-devel-linux-x86_64-debian-gcc | 1.1 | NOTE | ||||
r-devel-linux-x86_64-fedora-clang | 1.1 | 162.00 | NOTE | |||
r-devel-linux-x86_64-fedora-gcc | 1.1 | 171.23 | NOTE | |||
r-devel-windows-x86_64 | 1.1 | 5.00 | 169.00 | 174.00 | NOTE | |
r-patched-linux-x86_64 | 1.1 | NOTE | ||||
r-release-linux-x86_64 | 1.1 | 2.93 | 93.59 | 96.52 | NOTE | |
r-release-macos-arm64 | 1.1 | 46.00 | NOTE | |||
r-release-macos-x86_64 | 1.1 | 72.00 | NOTE | |||
r-release-windows-x86_64 | 1.1 | 4.00 | 164.00 | 168.00 | NOTE | |
r-oldrel-macos-arm64 | 1.1 | 29.00 | NOTE | |||
r-oldrel-macos-x86_64 | 1.1 | 74.00 | NOTE | |||
r-oldrel-windows-x86_64 | 1.1 | 4.00 | 175.00 | 179.00 | NOTE |
Version: 1.1
Check: LazyData
Result: NOTE
'LazyData' is specified without a 'data' directory
Flavors: r-devel-linux-x86_64-debian-clang, r-devel-linux-x86_64-debian-gcc, r-devel-linux-x86_64-fedora-clang, r-devel-linux-x86_64-fedora-gcc, r-devel-windows-x86_64, r-patched-linux-x86_64, r-release-linux-x86_64, r-release-macos-arm64, r-release-macos-x86_64, r-release-windows-x86_64, r-oldrel-macos-arm64, r-oldrel-macos-x86_64, r-oldrel-windows-x86_64
These binaries (installable software) and packages are in development.
They may not be fully stable and should be used with caution. We make no claims about them.