CRAN Package Check Results for Package mhtboot

Last updated on 2025-10-03 15:49:55 CEST.

Flavor Version Tinstall Tcheck Ttotal Status Flags
r-devel-linux-x86_64-debian-clang 1.3.3 6.10 105.07 111.17 OK
r-devel-linux-x86_64-debian-gcc 1.3.3 4.16 67.63 71.79 OK
r-devel-linux-x86_64-fedora-clang 1.3.3 174.59 OK
r-devel-linux-x86_64-fedora-gcc 1.3.3 179.82 OK
r-devel-windows-x86_64 1.3.3 8.00 116.00 124.00 OK
r-patched-linux-x86_64 1.3.3 5.53 100.14 105.67 OK
r-release-linux-x86_64 1.3.3 5.66 98.41 104.07 OK
r-release-macos-arm64 1.3.3 63.00 OK
r-release-macos-x86_64 1.3.3 78.00 OK
r-release-windows-x86_64 1.3.3 8.00 115.00 123.00 OK
r-oldrel-macos-arm64 1.3.3 42.00 NOTE
r-oldrel-macos-x86_64 1.3.3 100.00 NOTE
r-oldrel-windows-x86_64 1.3.3 11.00 147.00 158.00 NOTE

Check Details

Version: 1.3.3
Check: LazyData
Result: NOTE 'LazyData' is specified without a 'data' directory Flavors: r-oldrel-macos-arm64, r-oldrel-macos-x86_64, r-oldrel-windows-x86_64

These binaries (installable software) and packages are in development.
They may not be fully stable and should be used with caution. We make no claims about them.