Last updated on 2025-05-01 14:49:15 CEST.
Flavor | Version | Tinstall | Tcheck | Ttotal | Status | Flags |
---|---|---|---|---|---|---|
r-devel-linux-x86_64-debian-clang | 1.1 | 28.18 | 124.25 | 152.43 | NOTE | |
r-devel-linux-x86_64-debian-gcc | 1.1 | 14.83 | 89.17 | 104.00 | NOTE | |
r-devel-linux-x86_64-fedora-clang | 1.1 | 233.31 | NOTE | |||
r-devel-linux-x86_64-fedora-gcc | 1.1 | 275.12 | NOTE | |||
r-devel-windows-x86_64 | 1.1 | 24.00 | 141.00 | 165.00 | NOTE | |
r-patched-linux-x86_64 | 1.1 | 25.41 | 116.95 | 142.36 | NOTE | |
r-release-linux-x86_64 | NOTE | |||||
r-release-macos-arm64 | 1.1 | 114.00 | NOTE | |||
r-release-macos-x86_64 | 1.1 | 202.00 | NOTE | |||
r-release-windows-x86_64 | 1.1 | 27.00 | 147.00 | 174.00 | NOTE | |
r-oldrel-macos-arm64 | 1.1 | 85.00 | NOTE | |||
r-oldrel-macos-x86_64 | 1.1 | 128.00 | NOTE | |||
r-oldrel-windows-x86_64 | 1.1 | 32.00 | 172.00 | 204.00 | NOTE |
Version: 1.1
Check: Rd files
Result: NOTE
checkRd: (-1) rdata.frame.Rd:132: Lost braces in \enumerate; \value handles \item{}{} directly
checkRd: (-1) rdata.frame.Rd:133-134: Lost braces in \enumerate; \value handles \item{}{} directly
checkRd: (-1) rdata.frame.Rd:135-137: Lost braces in \enumerate; \value handles \item{}{} directly
checkRd: (-1) rdata.frame.Rd:138-139: Lost braces in \enumerate; \value handles \item{}{} directly
checkRd: (-1) rdata.frame.Rd:144: Lost braces in \enumerate; \value handles \item{}{} directly
checkRd: (-1) rdata.frame.Rd:145-147: Lost braces in \enumerate; \value handles \item{}{} directly
checkRd: (-1) rdata.frame.Rd:148-150: Lost braces in \enumerate; \value handles \item{}{} directly
Flavors: r-devel-linux-x86_64-debian-clang, r-devel-linux-x86_64-debian-gcc, r-devel-linux-x86_64-fedora-clang, r-devel-linux-x86_64-fedora-gcc, r-devel-windows-x86_64, r-patched-linux-x86_64, r-release-linux-x86_64, r-release-macos-arm64, r-release-macos-x86_64, r-release-windows-x86_64, r-oldrel-macos-arm64, r-oldrel-macos-x86_64, r-oldrel-windows-x86_64
Version: 1.1
Check: Rd cross-references
Result: NOTE
Found the following Rd file(s) with Rd \link{} targets missing package
anchors:
02missing_data.frame.Rd: bayesglm
get_parameters.Rd: polr
mi2stata.Rd: write.dta
Please provide package anchors for all Rd \link{} targets not in the
package itself and the base packages.
Flavors: r-devel-linux-x86_64-debian-clang, r-devel-linux-x86_64-debian-gcc, r-devel-windows-x86_64, r-patched-linux-x86_64, r-release-linux-x86_64, r-release-windows-x86_64
These binaries (installable software) and packages are in development.
They may not be fully stable and should be used with caution. We make no claims about them.