Last updated on 2025-05-01 08:52:38 CEST.
Flavor | Version | Tinstall | Tcheck | Ttotal | Status | Flags |
---|---|---|---|---|---|---|
r-devel-linux-x86_64-debian-clang | 1.2 | 3.56 | 52.89 | 56.45 | NOTE | |
r-devel-linux-x86_64-debian-gcc | 1.2 | 2.36 | 40.78 | 43.14 | OK | |
r-devel-linux-x86_64-fedora-clang | 1.2 | 89.02 | OK | |||
r-devel-linux-x86_64-fedora-gcc | 1.2 | 98.81 | OK | |||
r-devel-windows-x86_64 | 1.2 | 6.00 | 79.00 | 85.00 | OK | |
r-patched-linux-x86_64 | 1.2 | 3.88 | 49.05 | 52.93 | OK | |
r-release-linux-x86_64 | OK | |||||
r-release-macos-arm64 | 1.2 | 37.00 | OK | |||
r-release-macos-x86_64 | 1.2 | 62.00 | OK | |||
r-release-windows-x86_64 | 1.2 | 7.00 | 81.00 | 88.00 | OK | |
r-oldrel-macos-arm64 | 1.2 | 40.00 | OK | |||
r-oldrel-macos-x86_64 | 1.2 | 49.00 | OK | |||
r-oldrel-windows-x86_64 | 1.2 | 7.00 | 91.00 | 98.00 | OK |
Version: 1.2
Check: examples
Result: NOTE
Examples with CPU (user + system) or elapsed time > 5s
user system elapsed
eBayes.mod 5.873 0.345 7.085
Flavor: r-devel-linux-x86_64-debian-clang
Version: 1.2
Check: examples
Result: NA
user system elapsed
eBayes.mod 3.966 0.275 6.123
OK
Flavor: r-devel-linux-x86_64-debian-gcc
These binaries (installable software) and packages are in development.
They may not be fully stable and should be used with caution. We make no claims about them.