Last updated on 2025-05-01 14:49:15 CEST.
Flavor | Version | Tinstall | Tcheck | Ttotal | Status | Flags |
---|---|---|---|---|---|---|
r-devel-linux-x86_64-debian-clang | 1.1 | 8.30 | 79.96 | 88.26 | NOTE | |
r-devel-linux-x86_64-debian-gcc | 1.1 | 7.33 | 58.69 | 66.02 | NOTE | |
r-devel-linux-x86_64-fedora-clang | 1.1 | 135.85 | OK | |||
r-devel-linux-x86_64-fedora-gcc | 1.1 | 141.85 | OK | |||
r-devel-windows-x86_64 | 1.1 | 8.00 | 97.00 | 105.00 | OK | |
r-patched-linux-x86_64 | 1.1 | 8.70 | 75.97 | 84.67 | OK | |
r-release-linux-x86_64 | OK | |||||
r-release-macos-arm64 | 1.1 | 42.00 | OK | |||
r-release-macos-x86_64 | 1.1 | 92.00 | OK | |||
r-release-windows-x86_64 | 1.1 | 9.00 | 102.00 | 111.00 | OK | |
r-oldrel-macos-arm64 | 1.1 | 39.00 | OK | |||
r-oldrel-macos-x86_64 | 1.1 | 69.00 | OK | |||
r-oldrel-windows-x86_64 | 1.1 | 12.00 | 107.00 | 119.00 | OK |
Version: 1.1
Check: CRAN incoming feasibility
Result: NOTE
Maintainer: ‘Aurelie Bertrand <aurelie.bertrand@uclouvain.be>’
No Authors@R field in DESCRIPTION.
Please add one, modifying
Authors@R: c(person(given = "Aurelie",
family = "Bertrand",
role = c("aut", "cre"),
email = "aurelie.bertrand@uclouvain.be"),
person(given = "Catherine",
family = "Legrand",
role = "aut"),
person(given = "Ingrid",
family = "Van Keilegom",
role = "aut"))
as necessary.
Flavors: r-devel-linux-x86_64-debian-clang, r-devel-linux-x86_64-debian-gcc
Version: 1.1
Check: examples
Result: NOTE
Examples with CPU (user + system) or elapsed time > 5s
user system elapsed
PTCMestimBF 6.819 0.069 9.044
Flavor: r-devel-linux-x86_64-debian-clang
Version: 1.1
Check: examples
Result: NA
user system elapsed
PTCMestimBF 4.764 0.109 7.168
OK
Flavor: r-devel-linux-x86_64-debian-gcc
These binaries (installable software) and packages are in development.
They may not be fully stable and should be used with caution. We make no claims about them.