CRAN Package Check Results for Package miRecSurv

Last updated on 2025-02-16 08:50:54 CET.

Flavor Version Tinstall Tcheck Ttotal Status Flags
r-devel-linux-x86_64-debian-clang 1.0.2 7.22 64.00 71.22 NOTE
r-devel-linux-x86_64-debian-gcc 1.0.2 4.86 47.00 51.86 NOTE
r-devel-linux-x86_64-fedora-clang 1.0.2 117.87 NOTE
r-devel-linux-x86_64-fedora-gcc 1.0.2 106.37 NOTE
r-devel-macos-arm64 1.0.2 33.00 NOTE
r-devel-macos-x86_64 1.0.2 76.00 NOTE
r-devel-windows-x86_64 1.0.2 7.00 84.00 91.00 NOTE
r-patched-linux-x86_64 1.0.2 7.60 60.06 67.66 NOTE
r-release-linux-x86_64 1.0.2 5.76 59.74 65.50 NOTE
r-release-macos-arm64 1.0.2 32.00 NOTE
r-release-macos-x86_64 1.0.2 56.00 NOTE
r-release-windows-x86_64 1.0.2 7.00 86.00 93.00 NOTE
r-oldrel-macos-arm64 1.0.2 38.00 OK
r-oldrel-macos-x86_64 1.0.2 69.00 OK
r-oldrel-windows-x86_64 1.0.2 10.00 95.00 105.00 OK

Check Details

Version: 1.0.2
Check: Rd files
Result: NOTE checkRd: (-1) sim.data.Rd:11: Lost braces in \enumerate; meant \describe ? checkRd: (-1) sim.data.Rd:12: Lost braces in \enumerate; meant \describe ? checkRd: (-1) sim.data.Rd:13: Lost braces in \enumerate; meant \describe ? checkRd: (-1) sim.data.Rd:14: Lost braces in \enumerate; meant \describe ? checkRd: (-1) sim.data.Rd:15: Lost braces in \enumerate; meant \describe ? checkRd: (-1) sim.data.Rd:16: Lost braces in \enumerate; meant \describe ? checkRd: (-1) sim.data.Rd:17: Lost braces in \enumerate; meant \describe ? checkRd: (-1) sim.data.Rd:18: Lost braces in \enumerate; meant \describe ? checkRd: (-1) sim.data.Rd:19: Lost braces in \enumerate; meant \describe ? checkRd: (-1) sim.data.Rd:20: Lost braces in \enumerate; meant \describe ? checkRd: (-1) sim.data.Rd:21: Lost braces in \enumerate; meant \describe ? checkRd: (-1) sim.data.Rd:22: Lost braces in \enumerate; meant \describe ? checkRd: (-1) sim.data.Rd:23: Lost braces in \enumerate; meant \describe ? checkRd: (-1) sim.data.Rd:24: Lost braces in \enumerate; meant \describe ? checkRd: (-1) sim.data.Rd:25: Lost braces in \enumerate; meant \describe ? checkRd: (-1) sim.data.Rd:26: Lost braces in \enumerate; meant \describe ? checkRd: (-1) sim.data.Rd:27: Lost braces in \enumerate; meant \describe ? Flavors: r-devel-linux-x86_64-debian-clang, r-devel-linux-x86_64-debian-gcc, r-devel-linux-x86_64-fedora-clang, r-devel-linux-x86_64-fedora-gcc, r-devel-macos-arm64, r-devel-macos-x86_64, r-devel-windows-x86_64, r-patched-linux-x86_64, r-release-linux-x86_64, r-release-macos-arm64, r-release-macos-x86_64, r-release-windows-x86_64

These binaries (installable software) and packages are in development.
They may not be fully stable and should be used with caution. We make no claims about them.