Last updated on 2025-11-14 05:51:05 CET.
| Flavor | Version | Tinstall | Tcheck | Ttotal | Status | Flags |
|---|---|---|---|---|---|---|
| r-devel-linux-x86_64-debian-clang | 1.0.2 | 5.28 | 65.49 | 70.77 | NOTE | |
| r-devel-linux-x86_64-debian-gcc | 1.0.2 | 4.99 | 49.67 | 54.66 | NOTE | |
| r-devel-linux-x86_64-fedora-clang | 1.0.2 | 14.00 | 97.23 | 111.23 | NOTE | |
| r-devel-linux-x86_64-fedora-gcc | 1.0.2 | 14.00 | 92.50 | 106.50 | NOTE | |
| r-devel-windows-x86_64 | 1.0.2 | 8.00 | 82.00 | 90.00 | NOTE | |
| r-patched-linux-x86_64 | 1.0.2 | 6.54 | 63.28 | 69.82 | NOTE | |
| r-release-linux-x86_64 | 1.0.2 | 5.60 | 62.58 | 68.18 | NOTE | |
| r-release-macos-arm64 | 1.0.2 | 3.00 | 32.00 | 35.00 | NOTE | |
| r-release-macos-x86_64 | 1.0.2 | 6.00 | 66.00 | 72.00 | NOTE | |
| r-release-windows-x86_64 | 1.0.2 | 8.00 | 82.00 | 90.00 | NOTE | |
| r-oldrel-macos-arm64 | 1.0.2 | 3.00 | 29.00 | 32.00 | NOTE | |
| r-oldrel-macos-x86_64 | 1.0.2 | 5.00 | 51.00 | 56.00 | NOTE | |
| r-oldrel-windows-x86_64 | 1.0.2 | 10.00 | 95.00 | 105.00 | NOTE |
Version: 1.0.2
Check: CRAN incoming feasibility
Result: NOTE
Maintainer: ‘David Moriña <dmorina@ub.edu>’
The Description field contains
Hernández-Herrera G, Moriña D, Navarro A. (2020) <arXiv:2007.15031>.
Please refer to arXiv e-prints via their arXiv DOI <doi:10.48550/arXiv.YYMM.NNNNN>.
Flavors: r-devel-linux-x86_64-debian-clang, r-devel-linux-x86_64-debian-gcc
Version: 1.0.2
Check: Rd files
Result: NOTE
checkRd: (-1) sim.data.Rd:11: Lost braces in \enumerate; meant \describe ?
checkRd: (-1) sim.data.Rd:12: Lost braces in \enumerate; meant \describe ?
checkRd: (-1) sim.data.Rd:13: Lost braces in \enumerate; meant \describe ?
checkRd: (-1) sim.data.Rd:14: Lost braces in \enumerate; meant \describe ?
checkRd: (-1) sim.data.Rd:15: Lost braces in \enumerate; meant \describe ?
checkRd: (-1) sim.data.Rd:16: Lost braces in \enumerate; meant \describe ?
checkRd: (-1) sim.data.Rd:17: Lost braces in \enumerate; meant \describe ?
checkRd: (-1) sim.data.Rd:18: Lost braces in \enumerate; meant \describe ?
checkRd: (-1) sim.data.Rd:19: Lost braces in \enumerate; meant \describe ?
checkRd: (-1) sim.data.Rd:20: Lost braces in \enumerate; meant \describe ?
checkRd: (-1) sim.data.Rd:21: Lost braces in \enumerate; meant \describe ?
checkRd: (-1) sim.data.Rd:22: Lost braces in \enumerate; meant \describe ?
checkRd: (-1) sim.data.Rd:23: Lost braces in \enumerate; meant \describe ?
checkRd: (-1) sim.data.Rd:24: Lost braces in \enumerate; meant \describe ?
checkRd: (-1) sim.data.Rd:25: Lost braces in \enumerate; meant \describe ?
checkRd: (-1) sim.data.Rd:26: Lost braces in \enumerate; meant \describe ?
checkRd: (-1) sim.data.Rd:27: Lost braces in \enumerate; meant \describe ?
Flavors: r-devel-linux-x86_64-debian-clang, r-devel-linux-x86_64-debian-gcc, r-devel-linux-x86_64-fedora-clang, r-devel-linux-x86_64-fedora-gcc, r-devel-windows-x86_64, r-patched-linux-x86_64, r-release-linux-x86_64, r-release-macos-arm64, r-release-macos-x86_64, r-release-windows-x86_64, r-oldrel-macos-arm64, r-oldrel-macos-x86_64, r-oldrel-windows-x86_64
These binaries (installable software) and packages are in development.
They may not be fully stable and should be used with caution. We make no claims about them.