Last updated on 2025-05-23 01:51:02 CEST.
Flavor | Version | Tinstall | Tcheck | Ttotal | Status | Flags |
---|---|---|---|---|---|---|
r-devel-linux-x86_64-debian-clang | 2.1 | 25.03 | 261.50 | 286.53 | NOTE | |
r-devel-linux-x86_64-debian-gcc | 2.1 | 22.22 | 183.57 | 205.79 | NOTE | |
r-devel-linux-x86_64-fedora-clang | 2.1 | 453.94 | OK | |||
r-devel-linux-x86_64-fedora-gcc | 2.1 | 449.92 | OK | |||
r-devel-windows-x86_64 | 2.1 | 27.00 | 282.00 | 309.00 | OK | |
r-patched-linux-x86_64 | 2.1 | 30.79 | 239.22 | 270.01 | OK | |
r-release-linux-x86_64 | 2.1 | 28.71 | 241.07 | 269.78 | OK | |
r-release-macos-arm64 | 2.1 | 123.00 | OK | |||
r-release-macos-x86_64 | 2.1 | 314.00 | OK | |||
r-release-windows-x86_64 | 2.1 | 24.00 | 273.00 | 297.00 | OK | |
r-oldrel-macos-arm64 | 2.1 | 113.00 | OK | |||
r-oldrel-macos-x86_64 | 2.1 | 176.00 | OK | |||
r-oldrel-windows-x86_64 | 2.1 | 25.00 | 294.00 | 319.00 | OK |
Version: 2.1
Check: CRAN incoming feasibility
Result: NOTE
Maintainer: ‘Stephan Artmann <stephanartmann@gmx.net>’
No Authors@R field in DESCRIPTION.
Please add one, modifying
Authors@R: c(person(given = "Stephan",
family = "Artmann",
role = c("aut", "cre"),
email = "stephanartmann@gmx.net"),
person(given = "Klaus",
family = "Jung",
role = "aut"),
person(given = "Tim",
family = "Beissbarth",
role = "aut"))
as necessary.
Flavors: r-devel-linux-x86_64-debian-clang, r-devel-linux-x86_64-debian-gcc
These binaries (installable software) and packages are in development.
They may not be fully stable and should be used with caution. We make no claims about them.