Last updated on 2024-07-27 15:50:26 CEST.
Flavor | Version | Tinstall | Tcheck | Ttotal | Status | Flags |
---|---|---|---|---|---|---|
r-devel-linux-x86_64-debian-clang | 0.4.4 | 16.53 | 177.90 | 194.43 | OK | |
r-devel-linux-x86_64-debian-gcc | 0.4.4 | NOTE | ||||
r-devel-linux-x86_64-fedora-clang | 0.4.4 | 260.04 | NOTE | |||
r-devel-linux-x86_64-fedora-gcc | 0.4.4 | 257.20 | NOTE | |||
r-devel-windows-x86_64 | 0.4.4 | 18.00 | 161.00 | 179.00 | NOTE | |
r-patched-linux-x86_64 | 0.4.4 | OK | ||||
r-release-linux-x86_64 | 0.4.4 | 10.58 | 169.19 | 179.77 | OK | |
r-release-macos-arm64 | 0.4.4 | 75.00 | OK | |||
r-release-macos-x86_64 | 0.4.4 | 115.00 | OK | |||
r-release-windows-x86_64 | 0.4.4 | 16.00 | 234.00 | 250.00 | OK | |
r-oldrel-macos-arm64 | 0.4.4 | 80.00 | OK | |||
r-oldrel-macos-x86_64 | 0.4.4 | 122.00 | OK | |||
r-oldrel-windows-x86_64 | 0.4.4 | 21.00 | 194.00 | 215.00 | OK |
Version: 0.4.4
Check: Rd cross-references
Result: NOTE
Found the following Rd file(s) with Rd \link{} targets missing package
anchors:
coef.wqs.Rd: glm2
estimate.wqs.Rd: glm2
Please provide package anchors for all Rd \link{} targets not in the
package itself and the base packages.
Flavors: r-devel-linux-x86_64-debian-gcc, r-devel-windows-x86_64
Version: 0.4.4
Check: for detritus in the temp directory
Result: NOTE
Found the following files/directories:
‘par-7269706c6579’
Flavors: r-devel-linux-x86_64-fedora-clang, r-devel-linux-x86_64-fedora-gcc
These binaries (installable software) and packages are in development.
They may not be fully stable and should be used with caution. We make no claims about them.