CRAN Package Check Results for Package micEconAids

Last updated on 2025-05-01 15:49:36 CEST.

Flavor Version Tinstall Tcheck Ttotal Status Flags
r-devel-linux-x86_64-debian-clang 0.6-20 11.94 123.71 135.65 NOTE
r-devel-linux-x86_64-debian-gcc 0.6-20 7.59 86.35 93.94 NOTE
r-devel-linux-x86_64-fedora-clang 0.6-20 229.90 OK
r-devel-linux-x86_64-fedora-gcc 0.6-20 226.95 OK
r-devel-windows-x86_64 0.6-20 13.00 155.00 168.00 OK
r-patched-linux-x86_64 0.6-20 10.31 114.37 124.68 OK
r-release-linux-x86_64 OK
r-release-macos-arm64 0.6-20 64.00 OK
r-release-macos-x86_64 0.6-20 147.00 OK
r-release-windows-x86_64 0.6-20 12.00 161.00 173.00 OK
r-oldrel-macos-arm64 0.6-20 64.00 OK
r-oldrel-macos-x86_64 0.6-20 95.00 OK
r-oldrel-windows-x86_64 0.6-20 15.00 180.00 195.00 OK

Check Details

Version: 0.6-20
Check: CRAN incoming feasibility
Result: NOTE Maintainer: ‘Arne Henningsen <arne.henningsen@gmail.com>’ No Authors@R field in DESCRIPTION. Please add one, modifying Authors@R: person(given = "Arne", family = "Henningsen", role = c("aut", "cre"), email = "arne.henningsen@gmail.com") as necessary. Flavors: r-devel-linux-x86_64-debian-clang, r-devel-linux-x86_64-debian-gcc

Version: 0.6-20
Check: examples
Result: NOTE Examples with CPU (user + system) or elapsed time > 5s user system elapsed aidsBestA0 7.285 0.007 8.581 Flavor: r-devel-linux-x86_64-debian-clang

Version: 0.6-20
Check: examples
Result: NA user system elapsed aidsBestA0 4.502 0.004 5.916 OK Flavor: r-devel-linux-x86_64-debian-gcc

These binaries (installable software) and packages are in development.
They may not be fully stable and should be used with caution. We make no claims about them.