Last updated on 2025-07-16 07:49:11 CEST.
Flavor | Version | Tinstall | Tcheck | Ttotal | Status | Flags |
---|---|---|---|---|---|---|
r-devel-linux-x86_64-debian-clang | 0.6-20 | 11.85 | 123.85 | 135.70 | NOTE | |
r-devel-linux-x86_64-debian-gcc | 0.6-20 | 7.75 | 84.84 | 92.59 | NOTE | |
r-devel-linux-x86_64-fedora-clang | 0.6-20 | 210.98 | OK | |||
r-devel-linux-x86_64-fedora-gcc | 0.6-20 | 213.16 | OK | |||
r-devel-windows-x86_64 | 0.6-20 | 13.00 | 151.00 | 164.00 | OK | |
r-patched-linux-x86_64 | 0.6-20 | 11.15 | 116.68 | 127.83 | OK | |
r-release-linux-x86_64 | 0.6-20 | 10.29 | 115.62 | 125.91 | OK | |
r-release-macos-arm64 | 0.6-20 | 64.00 | OK | |||
r-release-macos-x86_64 | 0.6-20 | 147.00 | OK | |||
r-release-windows-x86_64 | 0.6-20 | 14.00 | 168.00 | 182.00 | OK | |
r-oldrel-macos-arm64 | 0.6-20 | 64.00 | OK | |||
r-oldrel-macos-x86_64 | 0.6-20 | 95.00 | OK | |||
r-oldrel-windows-x86_64 | 0.6-20 | 17.00 | 178.00 | 195.00 | OK |
Version: 0.6-20
Check: CRAN incoming feasibility
Result: NOTE
Maintainer: ‘Arne Henningsen <arne.henningsen@gmail.com>’
No Authors@R field in DESCRIPTION.
Please add one, modifying
Authors@R: person(given = "Arne",
family = "Henningsen",
role = c("aut", "cre"),
email = "arne.henningsen@gmail.com")
as necessary.
Flavors: r-devel-linux-x86_64-debian-clang, r-devel-linux-x86_64-debian-gcc
These binaries (installable software) and packages are in development.
They may not be fully stable and should be used with caution. We make no claims about them.