Last updated on 2025-10-25 17:48:42 CEST.
| Flavor | Version | Tinstall | Tcheck | Ttotal | Status | Flags |
|---|---|---|---|---|---|---|
| r-devel-linux-x86_64-debian-clang | 0.6-20 | 10.69 | 127.92 | 138.61 | NOTE | |
| r-devel-linux-x86_64-debian-gcc | 0.6-20 | 7.72 | 89.02 | 96.74 | NOTE | |
| r-devel-linux-x86_64-fedora-clang | 0.6-20 | 58.00 | 171.53 | 229.53 | OK | |
| r-devel-linux-x86_64-fedora-gcc | 0.6-20 | 54.00 | 174.83 | 228.83 | OK | |
| r-devel-windows-x86_64 | 0.6-20 | 12.00 | 148.00 | 160.00 | OK | |
| r-patched-linux-x86_64 | 0.6-20 | 12.04 | 119.64 | 131.68 | OK | |
| r-release-linux-x86_64 | 0.6-20 | 10.78 | 120.41 | 131.19 | OK | |
| r-release-macos-arm64 | 0.6-20 | 5.00 | 59.00 | 64.00 | OK | |
| r-release-macos-x86_64 | 0.6-20 | 9.00 | 138.00 | 147.00 | OK | |
| r-release-windows-x86_64 | 0.6-20 | 13.00 | 150.00 | 163.00 | OK | |
| r-oldrel-macos-arm64 | 0.6-20 | 5.00 | 59.00 | 64.00 | OK | |
| r-oldrel-macos-x86_64 | 0.6-20 | 7.00 | 88.00 | 95.00 | OK | |
| r-oldrel-windows-x86_64 | 0.6-20 | 17.00 | 176.00 | 193.00 | OK |
Version: 0.6-20
Check: CRAN incoming feasibility
Result: NOTE
Maintainer: ‘Arne Henningsen <arne.henningsen@gmail.com>’
No Authors@R field in DESCRIPTION.
Please add one, modifying
Authors@R: person(given = "Arne",
family = "Henningsen",
role = c("aut", "cre"),
email = "arne.henningsen@gmail.com")
as necessary.
Flavors: r-devel-linux-x86_64-debian-clang, r-devel-linux-x86_64-debian-gcc
These binaries (installable software) and packages are in development.
They may not be fully stable and should be used with caution. We make no claims about them.