Last updated on 2025-05-01 17:56:08 CEST.
Flavor | Version | Tinstall | Tcheck | Ttotal | Status | Flags |
---|---|---|---|---|---|---|
r-devel-linux-x86_64-debian-clang | 0.1-8 | 1.75 | 20.46 | 22.21 | NOTE | |
r-devel-linux-x86_64-debian-gcc | 0.1-8 | 1.36 | 16.54 | 17.90 | NOTE | |
r-devel-linux-x86_64-fedora-clang | 0.1-8 | 34.90 | OK | |||
r-devel-linux-x86_64-fedora-gcc | 0.1-8 | 35.18 | OK | |||
r-devel-windows-x86_64 | 0.1-8 | 3.00 | 45.00 | 48.00 | OK | |
r-patched-linux-x86_64 | 0.1-8 | 1.75 | 19.77 | 21.52 | OK | |
r-release-linux-x86_64 | OK | |||||
r-release-macos-arm64 | 0.1-8 | 18.00 | OK | |||
r-release-macos-x86_64 | 0.1-8 | 25.00 | OK | |||
r-release-windows-x86_64 | 0.1-8 | 2.00 | 33.00 | 35.00 | OK | |
r-oldrel-macos-arm64 | 0.1-8 | 14.00 | OK | |||
r-oldrel-macos-x86_64 | 0.1-8 | 27.00 | OK | |||
r-oldrel-windows-x86_64 | 0.1-8 | 2.00 | 46.00 | 48.00 | OK |
Version: 0.1-8
Check: CRAN incoming feasibility
Result: NOTE
Maintainer: ‘Arne Henningsen <arne.henningsen@gmail.com>’
No Authors@R field in DESCRIPTION.
Please add one, modifying
Authors@R: person(given = "Arne",
family = "Henningsen",
role = c("aut", "cre"),
email = "arne.henningsen@gmail.com")
as necessary.
Flavors: r-devel-linux-x86_64-debian-clang, r-devel-linux-x86_64-debian-gcc
These binaries (installable software) and packages are in development.
They may not be fully stable and should be used with caution. We make no claims about them.