CRAN Package Check Results for Package micEconIndex

Last updated on 2025-11-11 15:50:39 CET.

Flavor Version Tinstall Tcheck Ttotal Status Flags
r-devel-linux-x86_64-debian-clang 0.1-8 1.74 22.18 23.92 NOTE
r-devel-linux-x86_64-debian-gcc 0.1-8 1.39 18.10 19.49 NOTE
r-devel-linux-x86_64-fedora-clang 0.1-8 35.51 OK
r-devel-linux-x86_64-fedora-gcc 0.1-8 33.53 OK
r-devel-windows-x86_64 0.1-8 3.00 40.00 43.00 OK
r-patched-linux-x86_64 0.1-8 1.66 21.01 22.67 OK
r-release-linux-x86_64 0.1-8 1.74 20.97 22.71 OK
r-release-macos-arm64 0.1-8 1.00 17.00 18.00 OK
r-release-macos-x86_64 0.1-8 2.00 23.00 25.00 OK
r-release-windows-x86_64 0.1-8 3.00 41.00 44.00 OK
r-oldrel-macos-arm64 0.1-8 1.00 13.00 14.00 OK
r-oldrel-macos-x86_64 0.1-8 2.00 25.00 27.00 OK
r-oldrel-windows-x86_64 0.1-8 2.00 46.00 48.00 OK

Check Details

Version: 0.1-8
Check: CRAN incoming feasibility
Result: NOTE Maintainer: ‘Arne Henningsen <arne.henningsen@gmail.com>’ No Authors@R field in DESCRIPTION. Please add one, modifying Authors@R: person(given = "Arne", family = "Henningsen", role = c("aut", "cre"), email = "arne.henningsen@gmail.com") as necessary. Flavors: r-devel-linux-x86_64-debian-clang, r-devel-linux-x86_64-debian-gcc

These binaries (installable software) and packages are in development.
They may not be fully stable and should be used with caution. We make no claims about them.