CRAN Package Check Results for Package micEconSNQP

Last updated on 2025-07-03 15:49:39 CEST.

Flavor Version Tinstall Tcheck Ttotal Status Flags
r-devel-linux-x86_64-debian-clang 0.6-10 8.83 71.15 79.98 NOTE
r-devel-linux-x86_64-debian-gcc 0.6-10 5.93 52.35 58.28 NOTE
r-devel-linux-x86_64-fedora-clang 0.6-10 125.63 OK
r-devel-linux-x86_64-fedora-gcc 0.6-10 123.70 OK
r-devel-windows-x86_64 0.6-10 10.00 81.00 91.00 OK
r-patched-linux-x86_64 0.6-10 8.92 68.41 77.33 OK
r-release-linux-x86_64 0.6-10 7.56 67.87 75.43 OK
r-release-macos-arm64 0.6-10 37.00 OK
r-release-macos-x86_64 0.6-10 77.00 OK
r-release-windows-x86_64 0.6-10 10.00 84.00 94.00 OK
r-oldrel-macos-arm64 0.6-10 36.00 OK
r-oldrel-macos-x86_64 0.6-10 53.00 OK
r-oldrel-windows-x86_64 0.6-10 14.00 102.00 116.00 OK

Check Details

Version: 0.6-10
Check: CRAN incoming feasibility
Result: NOTE Maintainer: ‘Arne Henningsen <arne.henningsen@gmail.com>’ No Authors@R field in DESCRIPTION. Please add one, modifying Authors@R: person(given = "Arne", family = "Henningsen", role = c("aut", "cre"), email = "arne.henningsen@gmail.com") as necessary. Flavors: r-devel-linux-x86_64-debian-clang, r-devel-linux-x86_64-debian-gcc

These binaries (installable software) and packages are in development.
They may not be fully stable and should be used with caution. We make no claims about them.