CRAN Package Check Results for Package micd

Last updated on 2025-10-23 17:50:53 CEST.

Flavor Version Tinstall Tcheck Ttotal Status Flags
r-devel-linux-x86_64-debian-clang 1.1.1 17.23 177.97 195.20 NOTE
r-devel-linux-x86_64-debian-gcc 1.1.1 10.32 120.99 131.31 NOTE
r-devel-linux-x86_64-fedora-clang 1.1.2 75.00 229.49 304.49 OK
r-devel-linux-x86_64-fedora-gcc 1.1.2 69.00 220.09 289.09 OK
r-devel-windows-x86_64 1.1.1 17.00 172.00 189.00 NOTE
r-patched-linux-x86_64 1.1.1 14.10 164.89 178.99 NOTE
r-release-linux-x86_64 1.1.1 15.91 164.89 180.80 NOTE
r-release-macos-arm64 1.1.2 7.00 68.00 75.00 OK
r-release-macos-x86_64 1.1.2 29.00 250.00 279.00 OK
r-release-windows-x86_64 1.1.1 17.00 169.00 186.00 NOTE
r-oldrel-macos-arm64 1.1.2 8.00 78.00 86.00 OK
r-oldrel-macos-x86_64 1.1.2 27.00 267.00 294.00 OK
r-oldrel-windows-x86_64 1.1.1 24.00 221.00 245.00 OK

Additional issues

noSuggests

Check Details

Version: 1.1.1
Check: CRAN incoming feasibility
Result: NOTE Maintainer: ‘Ronja Foraita <foraita@leibniz-bips.de>’ The Description field contains RM, Foraita R, Didelez V, Witte J (2021) <arXiv:2108.13395>; Witte J, Please refer to arXiv e-prints via their arXiv DOI <doi:10.48550/arXiv.YYMM.NNNNN>. Flavors: r-devel-linux-x86_64-debian-clang, r-devel-linux-x86_64-debian-gcc

Version: 1.1.1
Check: Rd cross-references
Result: NOTE Found the following Rd file(s) with Rd \link{} targets missing package anchors: flexCItest.Rd: gaussCItest, disCItest getSuff.Rd: gaussCItest, disCItest Please provide package anchors for all Rd \link{} targets not in the package itself and the base packages. Flavors: r-devel-linux-x86_64-debian-clang, r-devel-linux-x86_64-debian-gcc, r-devel-windows-x86_64, r-patched-linux-x86_64, r-release-linux-x86_64, r-release-windows-x86_64

These binaries (installable software) and packages are in development.
They may not be fully stable and should be used with caution. We make no claims about them.