Last updated on 2025-07-19 09:48:33 CEST.
Flavor | Version | Tinstall | Tcheck | Ttotal | Status | Flags |
---|---|---|---|---|---|---|
r-devel-linux-x86_64-debian-clang | 1.1.1 | 17.19 | 176.57 | 193.76 | NOTE | |
r-devel-linux-x86_64-debian-gcc | 1.1.1 | 12.33 | 126.53 | 138.86 | NOTE | |
r-devel-linux-x86_64-fedora-clang | 1.1.1 | 298.02 | OK | |||
r-devel-linux-x86_64-fedora-gcc | 1.1.1 | 286.82 | OK | |||
r-devel-windows-x86_64 | 1.1.1 | 16.00 | 166.00 | 182.00 | NOTE | |
r-patched-linux-x86_64 | 1.1.1 | 16.09 | 166.82 | 182.91 | NOTE | |
r-release-linux-x86_64 | 1.1.1 | 14.32 | 163.90 | 178.22 | NOTE | |
r-release-macos-arm64 | 1.1.1 | 80.00 | OK | |||
r-release-macos-x86_64 | 1.1.1 | 178.00 | OK | |||
r-release-windows-x86_64 | 1.1.1 | 17.00 | 163.00 | 180.00 | NOTE | |
r-oldrel-macos-arm64 | 1.1.1 | 79.00 | OK | |||
r-oldrel-macos-x86_64 | 1.1.1 | 120.00 | OK | |||
r-oldrel-windows-x86_64 | 1.1.1 | 22.00 | 216.00 | 238.00 | OK |
Version: 1.1.1
Check: CRAN incoming feasibility
Result: NOTE
Maintainer: ‘Ronja Foraita <foraita@leibniz-bips.de>’
The Description field contains
RM, Foraita R, Didelez V, Witte J (2021) <arXiv:2108.13395>; Witte J,
Please refer to arXiv e-prints via their arXiv DOI <doi:10.48550/arXiv.YYMM.NNNNN>.
Flavors: r-devel-linux-x86_64-debian-clang, r-devel-linux-x86_64-debian-gcc
Version: 1.1.1
Check: Rd cross-references
Result: NOTE
Found the following Rd file(s) with Rd \link{} targets missing package
anchors:
flexCItest.Rd: gaussCItest, disCItest
getSuff.Rd: gaussCItest, disCItest
Please provide package anchors for all Rd \link{} targets not in the
package itself and the base packages.
Flavors: r-devel-linux-x86_64-debian-clang, r-devel-linux-x86_64-debian-gcc, r-devel-windows-x86_64, r-patched-linux-x86_64, r-release-linux-x86_64, r-release-windows-x86_64
These binaries (installable software) and packages are in development.
They may not be fully stable and should be used with caution. We make no claims about them.