Last updated on 2025-07-26 21:49:57 CEST.
Flavor | Version | Tinstall | Tcheck | Ttotal | Status | Flags |
---|---|---|---|---|---|---|
r-devel-linux-x86_64-debian-clang | 0.8.5 | 79.64 | 77.05 | 156.69 | OK | |
r-devel-linux-x86_64-debian-gcc | 0.8.5 | 61.19 | 52.01 | 113.20 | OK | |
r-devel-linux-x86_64-fedora-clang | 0.8.5 | 265.97 | OK | |||
r-devel-linux-x86_64-fedora-gcc | 0.8.5 | 275.81 | OK | |||
r-devel-windows-x86_64 | 0.8.5 | 91.00 | 113.00 | 204.00 | OK | |
r-patched-linux-x86_64 | 0.8.5 | 77.04 | 66.68 | 143.72 | OK | |
r-release-linux-x86_64 | 0.8.5 | 83.12 | 67.54 | 150.66 | OK | |
r-release-macos-arm64 | 0.8.5 | 78.00 | OK | |||
r-release-macos-x86_64 | 0.8.5 | 119.00 | OK | |||
r-release-windows-x86_64 | 0.8.5 | 90.00 | 100.00 | 190.00 | OK | |
r-oldrel-macos-arm64 | 0.8.5 | 80.00 | NOTE | |||
r-oldrel-macos-x86_64 | 0.8.5 | 175.00 | NOTE | |||
r-oldrel-windows-x86_64 | 0.8.5 | 107.00 | 132.00 | 239.00 | OK |
Version: 0.8.5
Check: installed package size
Result: NOTE
installed size is 9.5Mb
sub-directories of 1Mb or more:
libs 8.5Mb
Flavors: r-oldrel-macos-arm64, r-oldrel-macos-x86_64
These binaries (installable software) and packages are in development.
They may not be fully stable and should be used with caution. We make no claims about them.