Last updated on 2025-11-12 19:51:54 CET.
| Flavor | Version | Tinstall | Tcheck | Ttotal | Status | Flags |
|---|---|---|---|---|---|---|
| r-devel-linux-x86_64-debian-clang | 0.8.5 | 78.60 | 82.96 | 161.56 | OK | |
| r-devel-linux-x86_64-debian-gcc | 0.8.5 | 58.54 | 55.14 | 113.68 | OK | |
| r-devel-linux-x86_64-fedora-clang | 0.8.5 | 112.00 | 169.35 | 281.35 | OK | |
| r-devel-linux-x86_64-fedora-gcc | 0.8.5 | 118.00 | 166.07 | 284.07 | OK | |
| r-devel-windows-x86_64 | 0.8.5 | 90.00 | 105.00 | 195.00 | OK | |
| r-patched-linux-x86_64 | 0.8.5 | 81.00 | 74.79 | 155.79 | OK | |
| r-release-linux-x86_64 | 0.8.5 | 83.15 | 72.66 | 155.81 | OK | |
| r-release-macos-arm64 | 0.8.5 | 30.00 | 48.00 | 78.00 | OK | |
| r-release-macos-x86_64 | 0.8.5 | 36.00 | 83.00 | 119.00 | OK | |
| r-release-windows-x86_64 | 0.8.5 | 92.00 | 106.00 | 198.00 | OK | |
| r-oldrel-macos-arm64 | 0.8.5 | 30.00 | 50.00 | 80.00 | NOTE | |
| r-oldrel-macos-x86_64 | 0.8.5 | 41.00 | 134.00 | 175.00 | NOTE | |
| r-oldrel-windows-x86_64 | 0.8.5 | 108.00 | 135.00 | 243.00 | OK |
Version: 0.8.5
Check: installed package size
Result: NOTE
installed size is 9.5Mb
sub-directories of 1Mb or more:
libs 8.5Mb
Flavors: r-oldrel-macos-arm64, r-oldrel-macos-x86_64
These binaries (installable software) and packages are in development.
They may not be fully stable and should be used with caution. We make no claims about them.