CRAN Package Check Results for Package miceFast

Last updated on 2025-05-08 04:52:10 CEST.

Flavor Version Tinstall Tcheck Ttotal Status Flags
r-devel-linux-x86_64-debian-clang 0.8.5 75.22 76.34 151.56 OK
r-devel-linux-x86_64-debian-gcc 0.8.5 57.37 52.18 109.55 OK
r-devel-linux-x86_64-fedora-clang 0.8.5 273.51 OK
r-devel-linux-x86_64-fedora-gcc 0.8.5 334.31 OK
r-devel-windows-x86_64 0.8.5 90.00 102.00 192.00 OK
r-patched-linux-x86_64 0.8.5 82.75 68.31 151.06 OK
r-release-linux-x86_64 0.8.5 74.09 67.79 141.88 OK
r-release-macos-arm64 0.8.5 78.00 OK
r-release-macos-x86_64 0.8.5 119.00 OK
r-release-windows-x86_64 0.8.5 92.00 100.00 192.00 OK
r-oldrel-macos-arm64 0.8.5 80.00 NOTE
r-oldrel-macos-x86_64 0.8.5 175.00 NOTE
r-oldrel-windows-x86_64 0.8.5 106.00 129.00 235.00 OK

Check Details

Version: 0.8.5
Check: installed package size
Result: NOTE installed size is 9.5Mb sub-directories of 1Mb or more: libs 8.5Mb Flavors: r-oldrel-macos-arm64, r-oldrel-macos-x86_64

These binaries (installable software) and packages are in development.
They may not be fully stable and should be used with caution. We make no claims about them.