Last updated on 2025-10-03 01:49:51 CEST.
Flavor | Version | Tinstall | Tcheck | Ttotal | Status | Flags |
---|---|---|---|---|---|---|
r-devel-linux-x86_64-debian-clang | 0.8.5 | 76.93 | 81.13 | 158.06 | OK | |
r-devel-linux-x86_64-debian-gcc | 0.8.5 | 54.63 | 58.68 | 113.31 | OK | |
r-devel-linux-x86_64-fedora-clang | 0.8.5 | 273.20 | OK | |||
r-devel-linux-x86_64-fedora-gcc | 0.8.5 | 280.26 | OK | |||
r-devel-windows-x86_64 | 0.8.5 | 91.00 | 105.00 | 196.00 | OK | |
r-patched-linux-x86_64 | 0.8.5 | 82.23 | 72.71 | 154.94 | OK | |
r-release-linux-x86_64 | 0.8.5 | 79.95 | 73.37 | 153.32 | OK | |
r-release-macos-arm64 | 0.8.5 | 78.00 | OK | |||
r-release-macos-x86_64 | 0.8.5 | 119.00 | OK | |||
r-release-windows-x86_64 | 0.8.5 | 91.00 | 106.00 | 197.00 | OK | |
r-oldrel-macos-arm64 | 0.8.5 | 80.00 | NOTE | |||
r-oldrel-macos-x86_64 | 0.8.5 | 175.00 | NOTE | |||
r-oldrel-windows-x86_64 | 0.8.5 | 108.00 | 133.00 | 241.00 | OK |
Version: 0.8.5
Check: installed package size
Result: NOTE
installed size is 9.5Mb
sub-directories of 1Mb or more:
libs 8.5Mb
Flavors: r-oldrel-macos-arm64, r-oldrel-macos-x86_64
These binaries (installable software) and packages are in development.
They may not be fully stable and should be used with caution. We make no claims about them.