Last updated on 2025-07-19 13:50:17 CEST.
Flavor | Version | Tinstall | Tcheck | Ttotal | Status | Flags |
---|---|---|---|---|---|---|
r-devel-linux-x86_64-debian-clang | 1.5.0 | 13.76 | 112.96 | 126.72 | NOTE | |
r-devel-linux-x86_64-debian-gcc | 1.5.0 | 9.33 | 80.05 | 89.38 | NOTE | |
r-devel-linux-x86_64-fedora-clang | 1.5.0 | 196.51 | OK | |||
r-devel-linux-x86_64-fedora-gcc | 1.5.0 | 202.23 | OK | |||
r-devel-windows-x86_64 | 1.5.0 | 16.00 | 117.00 | 133.00 | OK | |
r-patched-linux-x86_64 | 1.5.0 | 12.02 | 105.88 | 117.90 | OK | |
r-release-linux-x86_64 | 1.5.0 | 10.25 | 104.99 | 115.24 | OK | |
r-release-macos-arm64 | 1.5.0 | 64.00 | OK | |||
r-release-macos-x86_64 | 1.5.0 | 107.00 | OK | |||
r-release-windows-x86_64 | 1.5.0 | 14.00 | 113.00 | 127.00 | OK | |
r-oldrel-macos-arm64 | 1.5.0 | 59.00 | OK | |||
r-oldrel-macos-x86_64 | 1.5.0 | 93.00 | OK | |||
r-oldrel-windows-x86_64 | 1.5.0 | 20.00 | 149.00 | 169.00 | OK |
Version: 1.5.0
Check: CRAN incoming feasibility
Result: NOTE
Maintainer: ‘Sam Wilson <samwilson303@gmail.com>’
The Description field contains
model by Stekhoven and Buhlmann <arXiv:1105.0828> to impute missing
Please refer to arXiv e-prints via their arXiv DOI <doi:10.48550/arXiv.YYMM.NNNNN>.
Flavors: r-devel-linux-x86_64-debian-clang, r-devel-linux-x86_64-debian-gcc
These binaries (installable software) and packages are in development.
They may not be fully stable and should be used with caution. We make no claims about them.