Last updated on 2025-02-07 05:50:46 CET.
Flavor | Version | Tinstall | Tcheck | Ttotal | Status | Flags |
---|---|---|---|---|---|---|
r-devel-linux-x86_64-debian-clang | 1.10.0 | 22.91 | 173.16 | 196.07 | NOTE | |
r-devel-linux-x86_64-debian-gcc | 1.10.0 | 15.42 | 119.82 | 135.24 | NOTE | |
r-devel-linux-x86_64-fedora-clang | 1.10.0 | 308.84 | OK | |||
r-devel-linux-x86_64-fedora-gcc | 1.10.0 | 288.55 | OK | |||
r-devel-windows-x86_64 | 1.10.0 | 22.00 | 151.00 | 173.00 | NOTE | |
r-patched-linux-x86_64 | 1.10.0 | 31.30 | 164.62 | 195.92 | OK | |
r-release-linux-x86_64 | 1.10.0 | 22.71 | 158.46 | 181.17 | OK | |
r-release-macos-arm64 | 1.10.0 | 67.00 | OK | |||
r-release-macos-x86_64 | 1.10.0 | 101.00 | OK | |||
r-release-windows-x86_64 | 1.10.0 | 22.00 | 151.00 | 173.00 | OK | |
r-oldrel-macos-arm64 | 1.10.0 | 78.00 | OK | |||
r-oldrel-macos-x86_64 | 1.10.0 | 120.00 | OK | |||
r-oldrel-windows-x86_64 | 1.10.0 | 32.00 | 197.00 | 229.00 | OK |
Version: 1.10.0
Check: Rd cross-references
Result: NOTE
Found the following Rd file(s) with Rd \link{} targets missing package
anchors:
find.defaultMethod.Rd: mice
mice.impute.2l.2stage.bin.Rd: mice
mice.impute.2l.2stage.heckman.Rd: mice
mice.impute.2l.2stage.norm.Rd: mice
mice.impute.2l.2stage.pois.Rd: mice
mice.impute.2l.glm.bin.Rd: mice
mice.impute.2l.glm.norm.Rd: mice
mice.impute.2l.glm.pois.Rd: mice
mice.impute.2l.jomo.Rd: mice, jomo1ran
mice.par.Rd: mids-class, mice
micemd-package.Rd: mice
overimpute.Rd: mice
plot.mira.Rd: mice, mids-class
Please provide package anchors for all Rd \link{} targets not in the
package itself and the base packages.
Flavors: r-devel-linux-x86_64-debian-clang, r-devel-linux-x86_64-debian-gcc, r-devel-windows-x86_64
These binaries (installable software) and packages are in development.
They may not be fully stable and should be used with caution. We make no claims about them.