Last updated on 2025-02-16 08:50:54 CET.
Flavor | Version | Tinstall | Tcheck | Ttotal | Status | Flags |
---|---|---|---|---|---|---|
r-devel-linux-x86_64-debian-clang | 0.9.0-1 | 3.39 | 31.72 | 35.11 | NOTE | |
r-devel-linux-x86_64-debian-gcc | 0.9.0-1 | 2.84 | 24.92 | 27.76 | NOTE | |
r-devel-linux-x86_64-fedora-clang | 0.9.0-1 | 57.30 | NOTE | |||
r-devel-linux-x86_64-fedora-gcc | 0.9.0-1 | 53.32 | NOTE | |||
r-devel-macos-arm64 | 0.9.0-1 | 23.00 | OK | |||
r-devel-macos-x86_64 | 0.9.0-1 | 41.00 | NOTE | |||
r-devel-windows-x86_64 | 0.9.0-1 | 5.00 | 55.00 | 60.00 | NOTE | |
r-patched-linux-x86_64 | 0.9.0-1 | 3.56 | 30.15 | 33.71 | OK | |
r-release-linux-x86_64 | 0.9.0-1 | 3.07 | 30.71 | 33.78 | OK | |
r-release-macos-arm64 | 0.9.0-1 | 22.00 | OK | |||
r-release-macos-x86_64 | 0.9.0-1 | 30.00 | OK | |||
r-release-windows-x86_64 | 0.9.0-1 | 5.00 | 53.00 | 58.00 | OK | |
r-oldrel-macos-arm64 | 0.9.0-1 | 22.00 | OK | |||
r-oldrel-macos-x86_64 | 0.9.0-1 | 45.00 | OK | |||
r-oldrel-windows-x86_64 | 0.9.0-1 | 6.00 | 59.00 | 65.00 | OK |
Version: 0.9.0-1
Check: DESCRIPTION meta-information
Result: NOTE
Missing dependency on R >= 4.1.0 because package code uses the pipe
|> or function shorthand \(...) syntax added in R 4.1.0.
File(s) using such syntax:
‘api.R’ ‘handlers-static.R’
Flavors: r-devel-linux-x86_64-debian-clang, r-devel-linux-x86_64-debian-gcc, r-devel-linux-x86_64-fedora-clang, r-devel-linux-x86_64-fedora-gcc, r-devel-macos-x86_64, r-devel-windows-x86_64
These binaries (installable software) and packages are in development.
They may not be fully stable and should be used with caution. We make no claims about them.