CRAN Package Check Results for Package microCRAN

Last updated on 2025-11-13 15:51:16 CET.

Flavor Version Tinstall Tcheck Ttotal Status Flags
r-devel-linux-x86_64-debian-clang 0.9.0-1 3.59 34.11 37.70 NOTE
r-devel-linux-x86_64-debian-gcc 0.9.0-1 2.73 27.48 30.21 NOTE
r-devel-linux-x86_64-fedora-clang 0.9.0-1 56.75 NOTE
r-devel-linux-x86_64-fedora-gcc 0.9.0-1 54.22 NOTE
r-devel-windows-x86_64 0.9.0-1 6.00 60.00 66.00 NOTE
r-patched-linux-x86_64 0.9.0-1 3.74 32.83 36.57 NOTE
r-release-linux-x86_64 0.9.0-1 2.95 32.80 35.75 NOTE
r-release-macos-arm64 0.9.0-1 2.00 22.00 24.00 NOTE
r-release-macos-x86_64 0.9.0-1 3.00 34.00 37.00 NOTE
r-release-windows-x86_64 0.9.0-1 5.00 52.00 57.00 NOTE
r-oldrel-macos-arm64 0.9.0-1 2.00 20.00 22.00 OK
r-oldrel-macos-x86_64 0.9.0-1 3.00 27.00 30.00 OK
r-oldrel-windows-x86_64 0.9.0-1 7.00 62.00 69.00 OK

Check Details

Version: 0.9.0-1
Check: DESCRIPTION meta-information
Result: NOTE Missing dependency on R >= 4.1.0 because package code uses the pipe |> or function shorthand \(...) syntax added in R 4.1.0. File(s) using such syntax: ‘api.R’ ‘handlers-static.R’ ‘static-assets.Rd’ Flavors: r-devel-linux-x86_64-debian-clang, r-devel-linux-x86_64-debian-gcc, r-devel-linux-x86_64-fedora-clang, r-devel-linux-x86_64-fedora-gcc, r-devel-windows-x86_64, r-patched-linux-x86_64, r-release-linux-x86_64, r-release-macos-arm64, r-release-macos-x86_64, r-release-windows-x86_64

These binaries (installable software) and packages are in development.
They may not be fully stable and should be used with caution. We make no claims about them.