Last updated on 2025-07-19 21:49:41 CEST.
Flavor | Version | Tinstall | Tcheck | Ttotal | Status | Flags |
---|---|---|---|---|---|---|
r-devel-linux-x86_64-debian-clang | 1.6 | 6.20 | 838.00 | 844.20 | OK | |
r-devel-linux-x86_64-debian-gcc | 1.6 | 4.30 | 449.15 | 453.45 | OK | |
r-devel-linux-x86_64-fedora-clang | 1.6 | 1366.57 | NOTE | |||
r-devel-linux-x86_64-fedora-gcc | 1.6 | 1304.15 | NOTE | |||
r-devel-windows-x86_64 | 1.6 | 10.00 | 591.00 | 601.00 | OK | |
r-patched-linux-x86_64 | 1.6 | 6.68 | 797.59 | 804.27 | OK | |
r-release-linux-x86_64 | 1.6 | 5.38 | 795.95 | 801.33 | OK | |
r-release-macos-arm64 | 1.6 | 309.00 | OK | |||
r-release-macos-x86_64 | 1.6 | 544.00 | OK | |||
r-release-windows-x86_64 | 1.6 | 9.00 | 599.00 | 608.00 | OK | |
r-oldrel-macos-arm64 | 1.6 | 269.00 | OK | |||
r-oldrel-macos-x86_64 | 1.6 | 559.00 | OK | |||
r-oldrel-windows-x86_64 | 1.6 | 11.00 | 924.00 | 935.00 | OK |
Version: 1.6
Check: dependencies in R code
Result: NOTE
Namespace in Imports field not imported from: ‘testthat’
All declared Imports should be used.
Flavors: r-devel-linux-x86_64-fedora-clang, r-devel-linux-x86_64-fedora-gcc
These binaries (installable software) and packages are in development.
They may not be fully stable and should be used with caution. We make no claims about them.