Last updated on 2025-05-08 04:52:10 CEST.
Flavor | Version | Tinstall | Tcheck | Ttotal | Status | Flags |
---|---|---|---|---|---|---|
r-devel-linux-x86_64-debian-clang | 1.6 | 6.60 | 833.33 | 839.93 | OK | |
r-devel-linux-x86_64-debian-gcc | 1.6 | 4.57 | 449.65 | 454.22 | OK | |
r-devel-linux-x86_64-fedora-clang | 1.6 | 1361.52 | NOTE | |||
r-devel-linux-x86_64-fedora-gcc | 1.6 | 1386.86 | NOTE | |||
r-devel-windows-x86_64 | 1.6 | 9.00 | 602.00 | 611.00 | OK | |
r-patched-linux-x86_64 | 1.6 | 6.44 | 787.80 | 794.24 | OK | |
r-release-linux-x86_64 | 1.6 | 6.39 | 794.64 | 801.03 | OK | |
r-release-macos-arm64 | 1.6 | 309.00 | OK | |||
r-release-macos-x86_64 | 1.6 | 544.00 | OK | |||
r-release-windows-x86_64 | 1.6 | 13.00 | 594.00 | 607.00 | OK | |
r-oldrel-macos-arm64 | 1.6 | 269.00 | OK | |||
r-oldrel-macos-x86_64 | 1.6 | 559.00 | OK | |||
r-oldrel-windows-x86_64 | 1.6 | 13.00 | 927.00 | 940.00 | OK |
Version: 1.6
Check: dependencies in R code
Result: NOTE
Namespace in Imports field not imported from: ‘testthat’
All declared Imports should be used.
Flavors: r-devel-linux-x86_64-fedora-clang, r-devel-linux-x86_64-fedora-gcc
These binaries (installable software) and packages are in development.
They may not be fully stable and should be used with caution. We make no claims about them.