CRAN Package Check Results for Package microPop

Last updated on 2025-06-28 17:51:06 CEST.

Flavor Version Tinstall Tcheck Ttotal Status Flags
r-devel-linux-x86_64-debian-clang 1.6 5.40 840.77 846.17 OK
r-devel-linux-x86_64-debian-gcc 1.6 4.13 455.99 460.12 OK
r-devel-linux-x86_64-fedora-clang 1.6 1375.65 NOTE
r-devel-linux-x86_64-fedora-gcc 1.6 1313.58 NOTE
r-devel-windows-x86_64 1.6 9.00 577.00 586.00 OK
r-patched-linux-x86_64 OK
r-release-linux-x86_64 1.6 6.81 791.11 797.92 OK
r-release-macos-arm64 1.6 309.00 OK
r-release-macos-x86_64 1.6 544.00 OK
r-release-windows-x86_64 1.6 9.00 588.00 597.00 OK
r-oldrel-macos-arm64 1.6 269.00 OK
r-oldrel-macos-x86_64 1.6 559.00 OK
r-oldrel-windows-x86_64 1.6 11.00 957.00 968.00 OK

Check Details

Version: 1.6
Check: dependencies in R code
Result: NOTE Namespace in Imports field not imported from: ‘testthat’ All declared Imports should be used. Flavors: r-devel-linux-x86_64-fedora-clang, r-devel-linux-x86_64-fedora-gcc

These binaries (installable software) and packages are in development.
They may not be fully stable and should be used with caution. We make no claims about them.