Last updated on 2025-02-23 01:51:47 CET.
Flavor | Version | Tinstall | Tcheck | Ttotal | Status | Flags |
---|---|---|---|---|---|---|
r-devel-linux-x86_64-debian-clang | 0.0.21 | 44.37 | 435.44 | 479.81 | OK | |
r-devel-linux-x86_64-debian-gcc | 0.0.21 | 32.87 | 319.99 | 352.86 | OK | |
r-devel-linux-x86_64-fedora-clang | 0.0.21 | 729.53 | OK | |||
r-devel-linux-x86_64-fedora-gcc | 0.0.21 | 725.52 | OK | |||
r-devel-macos-arm64 | 0.0.21 | 152.00 | OK | |||
r-devel-macos-x86_64 | 0.0.21 | 372.00 | OK | |||
r-devel-windows-x86_64 | 0.0.21 | 42.00 | 363.00 | 405.00 | OK | |
r-patched-linux-x86_64 | 0.0.21 | 38.72 | 384.67 | 423.39 | OK | |
r-release-linux-x86_64 | 0.0.21 | 37.77 | 388.03 | 425.80 | OK | |
r-release-macos-arm64 | 0.0.21 | 117.00 | OK | |||
r-release-macos-x86_64 | 0.0.21 | 279.00 | OK | |||
r-release-windows-x86_64 | 0.0.21 | 42.00 | 363.00 | 405.00 | OK | |
r-oldrel-macos-arm64 | 0.0.21 | 130.00 | NOTE | |||
r-oldrel-macos-x86_64 | 0.0.21 | 232.00 | NOTE | |||
r-oldrel-windows-x86_64 | 0.0.21 | 57.00 | 504.00 | 561.00 | OK |
Version: 0.0.21
Check: package dependencies
Result: NOTE
Package suggested but not available for checking: ‘dada2’
Flavors: r-oldrel-macos-arm64, r-oldrel-macos-x86_64
These binaries (installable software) and packages are in development.
They may not be fully stable and should be used with caution. We make no claims about them.