Last updated on 2025-05-01 08:52:38 CEST.
Flavor | Version | Tinstall | Tcheck | Ttotal | Status | Flags |
---|---|---|---|---|---|---|
r-devel-linux-x86_64-debian-clang | 1.2 | 40.78 | 67.54 | 108.32 | NOTE | |
r-devel-linux-x86_64-debian-gcc | 1.2 | 29.64 | 43.09 | 72.73 | NOTE | |
r-devel-linux-x86_64-fedora-clang | 1.2 | 198.51 | NOTE | |||
r-devel-linux-x86_64-fedora-gcc | 1.2 | 203.13 | NOTE | |||
r-devel-windows-x86_64 | 1.2 | 53.00 | 102.00 | 155.00 | NOTE | |
r-patched-linux-x86_64 | 1.2 | 40.47 | 66.28 | 106.75 | NOTE | |
r-release-linux-x86_64 | NOTE | |||||
r-release-macos-arm64 | 1.2 | 59.00 | NOTE | |||
r-release-macos-x86_64 | 1.2 | 89.00 | NOTE | |||
r-release-windows-x86_64 | 1.2 | 51.00 | 103.00 | 154.00 | NOTE | |
r-oldrel-macos-arm64 | 1.2 | 37.00 | NOTE | |||
r-oldrel-macos-x86_64 | 1.2 | 54.00 | NOTE | |||
r-oldrel-windows-x86_64 | 1.2 | 60.00 | 127.00 | 187.00 | NOTE |
Version: 1.2
Check: CRAN incoming feasibility
Result: NOTE
Maintainer: ‘Lars Snipen <lars.snipen@nmbu.no>’
No Authors@R field in DESCRIPTION.
Please add one, modifying
Authors@R: c(person(given = c("Kristian", "Hovde"),
family = "Liland",
role = "aut"),
person(given = "Hilde",
family = "Vinje",
role = "aut"),
person(given = "Lars",
family = "Snipen",
role = c("aut", "cre"),
email = "lars.snipen@nmbu.no"))
as necessary.
Flavors: r-devel-linux-x86_64-debian-clang, r-devel-linux-x86_64-debian-gcc
Version: 1.2
Check: C++ specification
Result: NOTE
Specified C++11: please drop specification unless essential
Flavors: r-devel-linux-x86_64-debian-clang, r-devel-linux-x86_64-debian-gcc, r-devel-linux-x86_64-fedora-clang, r-devel-linux-x86_64-fedora-gcc, r-devel-windows-x86_64, r-patched-linux-x86_64, r-release-linux-x86_64, r-release-macos-arm64, r-release-macos-x86_64, r-release-windows-x86_64, r-oldrel-macos-arm64, r-oldrel-macos-x86_64, r-oldrel-windows-x86_64
Version: 1.2
Check: Rd cross-references
Result: NOTE
Found the following Rd file(s) with Rd \link{} targets missing package
anchors:
small.16S.Rd: microcontax
Please provide package anchors for all Rd \link{} targets not in the
package itself and the base packages.
Flavors: r-devel-linux-x86_64-debian-clang, r-devel-linux-x86_64-debian-gcc, r-devel-windows-x86_64, r-patched-linux-x86_64, r-release-linux-x86_64, r-release-windows-x86_64
Version: 1.2
Check: dependencies in R code
Result: NOTE
Namespace in Imports field not imported from: ‘tibble’
All declared Imports should be used.
Flavors: r-devel-linux-x86_64-fedora-clang, r-devel-linux-x86_64-fedora-gcc
Version: 1.2
Check: for GNU extensions in Makefiles
Result: NOTE
GNU make is a SystemRequirements.
Flavors: r-oldrel-macos-arm64, r-oldrel-macos-x86_64, r-oldrel-windows-x86_64
These binaries (installable software) and packages are in development.
They may not be fully stable and should be used with caution. We make no claims about them.