Last updated on 2025-02-16 08:50:54 CET.
Flavor | Version | Tinstall | Tcheck | Ttotal | Status | Flags |
---|---|---|---|---|---|---|
r-devel-linux-x86_64-debian-clang | 0.2.0 | 6.17 | 55.76 | 61.93 | NOTE | |
r-devel-linux-x86_64-debian-gcc | 0.2.0 | 4.99 | 41.39 | 46.38 | NOTE | |
r-devel-linux-x86_64-fedora-clang | 0.2.0 | 101.47 | NOTE | |||
r-devel-linux-x86_64-fedora-gcc | 0.2.0 | 105.96 | NOTE | |||
r-devel-macos-arm64 | 0.2.0 | 39.00 | OK | |||
r-devel-macos-x86_64 | 0.2.0 | 74.00 | NOTE | |||
r-devel-windows-x86_64 | 0.2.0 | 8.00 | 75.00 | 83.00 | NOTE | |
r-patched-linux-x86_64 | 0.2.0 | 6.00 | 51.69 | 57.69 | OK | |
r-release-linux-x86_64 | 0.2.0 | 5.43 | 52.09 | 57.52 | OK | |
r-release-macos-arm64 | 0.2.0 | 40.00 | OK | |||
r-release-macos-x86_64 | 0.2.0 | 65.00 | OK | |||
r-release-windows-x86_64 | 0.2.0 | 8.00 | 77.00 | 85.00 | OK | |
r-oldrel-macos-arm64 | 0.2.0 | 41.00 | OK | |||
r-oldrel-macos-x86_64 | 0.2.0 | 63.00 | OK | |||
r-oldrel-windows-x86_64 | 0.2.0 | 10.00 | 94.00 | 104.00 | OK |
Version: 0.2.0
Check: DESCRIPTION meta-information
Result: NOTE
Missing dependency on R >= 4.1.0 because package code uses the pipe
|> or function shorthand \(...) syntax added in R 4.1.0.
File(s) using such syntax:
‘get_alarm.R’ ‘get_device_info.R’ ‘get_output_data.R’
‘query_device.R’
Flavors: r-devel-linux-x86_64-debian-clang, r-devel-linux-x86_64-debian-gcc, r-devel-linux-x86_64-fedora-clang, r-devel-linux-x86_64-fedora-gcc, r-devel-macos-x86_64, r-devel-windows-x86_64
These binaries (installable software) and packages are in development.
They may not be fully stable and should be used with caution. We make no claims about them.