Last updated on 2025-11-12 19:51:54 CET.
| Flavor | Version | Tinstall | Tcheck | Ttotal | Status | Flags |
|---|---|---|---|---|---|---|
| r-devel-linux-x86_64-debian-clang | 3.1.1 | 17.61 | 140.89 | 158.50 | NOTE | |
| r-devel-linux-x86_64-debian-gcc | 3.1.1 | 14.16 | 96.78 | 110.94 | NOTE | |
| r-devel-linux-x86_64-fedora-clang | 3.1.1 | 43.00 | 201.07 | 244.07 | NOTE | |
| r-devel-linux-x86_64-fedora-gcc | 3.1.1 | 43.00 | 214.97 | 257.97 | NOTE | |
| r-devel-windows-x86_64 | 3.1.1 | 21.00 | 156.00 | 177.00 | NOTE | |
| r-patched-linux-x86_64 | 3.1.1 | 23.97 | 134.18 | 158.15 | OK | |
| r-release-linux-x86_64 | 3.1.1 | 20.22 | 133.15 | 153.37 | OK | |
| r-release-macos-arm64 | 3.1.1 | 13.00 | 73.00 | 86.00 | OK | |
| r-release-macos-x86_64 | 3.1.1 | 20.00 | 135.00 | 155.00 | OK | |
| r-release-windows-x86_64 | 3.1.1 | 22.00 | 148.00 | 170.00 | OK | |
| r-oldrel-macos-arm64 | 3.1.1 | 11.00 | 73.00 | 84.00 | OK | |
| r-oldrel-macos-x86_64 | 3.1.1 | 20.00 | 154.00 | 174.00 | OK | |
| r-oldrel-windows-x86_64 | 3.1.1 | 28.00 | 184.00 | 212.00 | OK |
Version: 3.1.1
Check: Rd files
Result: NOTE
checkRd: (-1) panelDesc.Rd:139-224: Only 6 columns allowed in this table (row 46 has 5)
Flavors: r-devel-linux-x86_64-debian-clang, r-devel-linux-x86_64-debian-gcc, r-devel-linux-x86_64-fedora-clang, r-devel-linux-x86_64-fedora-gcc, r-devel-windows-x86_64
These binaries (installable software) and packages are in development.
They may not be fully stable and should be used with caution. We make no claims about them.