CRAN Package Check Results for Package micromodal

Last updated on 2025-02-19 16:50:56 CET.

Flavor Version Tinstall Tcheck Ttotal Status Flags
r-devel-linux-x86_64-debian-clang 1.0.0 1.70 20.39 22.09 NOTE
r-devel-linux-x86_64-debian-gcc 1.0.0 1.49 16.54 18.03 NOTE
r-devel-linux-x86_64-fedora-clang 1.0.0 36.50 NOTE
r-devel-linux-x86_64-fedora-gcc 1.0.0 50.38 NOTE
r-devel-macos-arm64 1.0.0 23.00 OK
r-devel-macos-x86_64 1.0.0 43.00 NOTE
r-devel-windows-x86_64 1.0.0 3.00 43.00 46.00 NOTE
r-patched-linux-x86_64 1.0.0 1.52 19.45 20.97 OK
r-release-linux-x86_64 1.0.0 1.62 19.31 20.93 OK
r-release-macos-arm64 1.0.0 22.00 OK
r-release-macos-x86_64 1.0.0 36.00 OK
r-release-windows-x86_64 1.0.0 2.00 43.00 45.00 OK
r-oldrel-macos-arm64 1.0.0 21.00 OK
r-oldrel-macos-x86_64 1.0.0 37.00 OK
r-oldrel-windows-x86_64 1.0.0 3.00 45.00 48.00 OK

Check Details

Version: 1.0.0
Check: DESCRIPTION meta-information
Result: NOTE Missing dependency on R >= 4.1.0 because package code uses the pipe |> or function shorthand \(...) syntax added in R 4.1.0. File(s) using such syntax: ‘get_dependencies.R’ ‘micromodal.R’ ‘use_micromodal.R’ Flavors: r-devel-linux-x86_64-debian-clang, r-devel-linux-x86_64-debian-gcc, r-devel-linux-x86_64-fedora-clang, r-devel-linux-x86_64-fedora-gcc, r-devel-macos-x86_64, r-devel-windows-x86_64

These binaries (installable software) and packages are in development.
They may not be fully stable and should be used with caution. We make no claims about them.