CRAN Package Check Results for Package micropan

Last updated on 2025-11-15 17:48:55 CET.

Flavor Version Tinstall Tcheck Ttotal Status Flags
r-devel-linux-x86_64-debian-clang 2.1 6.55 92.77 99.32 NOTE
r-devel-linux-x86_64-debian-gcc 2.1 5.08 61.97 67.05 NOTE
r-devel-linux-x86_64-fedora-clang 2.1 19.00 131.26 150.26 OK
r-devel-linux-x86_64-fedora-gcc 2.1 15.00 141.37 156.37 OK
r-devel-windows-x86_64 2.1 13.00 105.00 118.00 OK
r-patched-linux-x86_64 2.1 7.01 85.53 92.54 OK
r-release-linux-x86_64 2.1 6.13 85.37 91.50 OK
r-release-macos-arm64 2.1 3.00 45.00 48.00 OK
r-release-macos-x86_64 2.1 7.00 98.00 105.00 OK
r-release-windows-x86_64 2.1 9.00 106.00 115.00 OK
r-oldrel-macos-arm64 2.1 3.00 48.00 51.00 OK
r-oldrel-macos-x86_64 2.1 6.00 75.00 81.00 OK
r-oldrel-windows-x86_64 2.1 11.00 126.00 137.00 OK

Check Details

Version: 2.1
Check: CRAN incoming feasibility
Result: NOTE Maintainer: ‘Lars Snipen <lars.snipen@nmbu.no>’ No Authors@R field in DESCRIPTION. Please add one, modifying Authors@R: c(person(given = "Lars", family = "Snipen", role = c("aut", "cre"), email = "lars.snipen@nmbu.no"), person(given = c("Kristian", "Hovde"), family = "Liland", role = "aut")) as necessary. Flavors: r-devel-linux-x86_64-debian-clang, r-devel-linux-x86_64-debian-gcc

These binaries (installable software) and packages are in development.
They may not be fully stable and should be used with caution. We make no claims about them.