Last updated on 2025-02-16 08:50:54 CET.
Flavor | Version | Tinstall | Tcheck | Ttotal | Status | Flags |
---|---|---|---|---|---|---|
r-devel-linux-x86_64-debian-clang | 1.0-45 | 13.75 | 134.36 | 148.11 | NOTE | |
r-devel-linux-x86_64-debian-gcc | 1.0-45 | 10.32 | 95.62 | 105.94 | NOTE | |
r-devel-linux-x86_64-fedora-clang | 1.0-45 | 234.71 | OK | |||
r-devel-linux-x86_64-fedora-gcc | 1.0-45 | 226.15 | OK | |||
r-devel-macos-arm64 | 1.0-45 | 72.00 | OK | |||
r-devel-macos-x86_64 | 1.0-45 | 72.00 | OK | |||
r-devel-windows-x86_64 | 1.0-45 | 17.00 | 149.00 | 166.00 | NOTE | |
r-patched-linux-x86_64 | 1.0-45 | 21.47 | 119.66 | 141.13 | OK | |
r-release-linux-x86_64 | 1.0-45 | 14.00 | 120.54 | 134.54 | OK | |
r-release-macos-arm64 | 1.0-45 | 72.00 | OK | |||
r-release-macos-x86_64 | 1.0-45 | 121.00 | OK | |||
r-release-windows-x86_64 | 1.0-45 | 16.00 | 145.00 | 161.00 | OK | |
r-oldrel-macos-arm64 | 1.0-45 | 79.00 | OK | |||
r-oldrel-macos-x86_64 | 1.0-45 | 74.00 | OK | |||
r-oldrel-windows-x86_64 | 1.0-45 | 23.00 | 172.00 | 195.00 | OK |
Version: 1.0-45
Check: Rd cross-references
Result: NOTE
Found the following Rd file(s) with Rd \link{} targets missing package
anchors:
latex.AEdotplot.Rd: flextable
msWord.Rd: flextable
Please provide package anchors for all Rd \link{} targets not in the
package itself and the base packages.
Flavors: r-devel-linux-x86_64-debian-clang, r-devel-linux-x86_64-debian-gcc, r-devel-windows-x86_64
These binaries (installable software) and packages are in development.
They may not be fully stable and should be used with caution. We make no claims about them.