CRAN Package Check Results for Package microseq

Last updated on 2025-05-01 08:52:38 CEST.

Flavor Version Tinstall Tcheck Ttotal Status Flags
r-devel-linux-x86_64-debian-clang 2.1.6 27.20 47.47 74.67 NOTE
r-devel-linux-x86_64-debian-gcc 2.1.6 18.84 35.90 54.74 NOTE
r-devel-linux-x86_64-fedora-clang 2.1.6 135.04 NOTE
r-devel-linux-x86_64-fedora-gcc 2.1.6 141.26 NOTE
r-devel-windows-x86_64 2.1.6 33.00 106.00 139.00 NOTE
r-patched-linux-x86_64 2.1.6 27.37 45.13 72.50 NOTE
r-release-linux-x86_64 NOTE
r-release-macos-arm64 2.1.6 71.00 NOTE
r-release-macos-x86_64 2.1.6 67.00 NOTE
r-release-windows-x86_64 2.1.6 34.00 107.00 141.00 NOTE
r-oldrel-macos-arm64 2.1.6 44.00 NOTE
r-oldrel-macos-x86_64 2.1.6 57.00 NOTE
r-oldrel-windows-x86_64 2.1.6 36.00 112.00 148.00 NOTE

Check Details

Version: 2.1.6
Check: CRAN incoming feasibility
Result: NOTE Maintainer: ‘Lars Snipen <lars.snipen@nmbu.no>’ No Authors@R field in DESCRIPTION. Please add one, modifying Authors@R: c(person(given = "Lars", family = "Snipen", role = c("aut", "cre"), email = "lars.snipen@nmbu.no"), person(given = c("Kristian", "Hovde"), family = "Liland", role = "aut")) as necessary. Flavors: r-devel-linux-x86_64-debian-clang, r-devel-linux-x86_64-debian-gcc

Version: 2.1.6
Check: Rd files
Result: NOTE checkRd: (-1) readFastq.Rd:62: Lost braces 62 | code{\link{readFasta}}. | ^ Flavors: r-devel-linux-x86_64-debian-clang, r-devel-linux-x86_64-debian-gcc, r-devel-linux-x86_64-fedora-clang, r-devel-linux-x86_64-fedora-gcc, r-devel-windows-x86_64, r-patched-linux-x86_64, r-release-linux-x86_64, r-release-macos-arm64, r-release-macos-x86_64, r-release-windows-x86_64, r-oldrel-macos-arm64, r-oldrel-macos-x86_64, r-oldrel-windows-x86_64

Version: 2.1.6
Check: Rd cross-references
Result: NOTE Found the following Rd file(s) with Rd \link{} targets missing package anchors: findOrfs.Rd: tibble gff2fasta.Rd: tibble lorfs.Rd: tibble msalign.Rd: tibble readFasta.Rd: tibble readFastq.Rd: tibble readGFF.Rd: tibble Please provide package anchors for all Rd \link{} targets not in the package itself and the base packages. Flavors: r-devel-linux-x86_64-debian-clang, r-devel-linux-x86_64-debian-gcc, r-devel-windows-x86_64, r-patched-linux-x86_64, r-release-linux-x86_64, r-release-windows-x86_64

These binaries (installable software) and packages are in development.
They may not be fully stable and should be used with caution. We make no claims about them.