Last updated on 2025-07-25 01:49:32 CEST.
Flavor | Version | Tinstall | Tcheck | Ttotal | Status | Flags |
---|---|---|---|---|---|---|
r-devel-linux-x86_64-debian-clang | 1.4.4 | 87.98 | 63.56 | 151.54 | OK | |
r-devel-linux-x86_64-debian-gcc | 1.4.4 | 64.03 | 48.41 | 112.44 | OK | |
r-devel-linux-x86_64-fedora-clang | 1.4.4 | 292.66 | OK | |||
r-devel-linux-x86_64-fedora-gcc | 1.4.4 | 254.61 | OK | |||
r-devel-windows-x86_64 | 1.4.4 | 109.00 | 98.00 | 207.00 | OK | |
r-patched-linux-x86_64 | 1.4.4 | 93.34 | 60.77 | 154.11 | OK | |
r-release-linux-x86_64 | 1.4.4 | 90.81 | 61.96 | 152.77 | OK | |
r-release-macos-arm64 | 1.4.4 | 67.00 | OK | |||
r-release-macos-x86_64 | 1.4.4 | 104.00 | OK | |||
r-release-windows-x86_64 | 1.4.4 | 108.00 | 93.00 | 201.00 | OK | |
r-oldrel-macos-arm64 | 1.4.4 | 70.00 | NOTE | |||
r-oldrel-macos-x86_64 | 1.4.4 | 121.00 | NOTE | |||
r-oldrel-windows-x86_64 | 1.4.4 | 129.00 | 114.00 | 243.00 | NOTE |
Version: 1.4.4
Check: installed package size
Result: NOTE
installed size is 20.5Mb
sub-directories of 1Mb or more:
doc 6.1Mb
lib 9.1Mb
libs 4.6Mb
Flavors: r-oldrel-macos-arm64, r-oldrel-macos-x86_64, r-oldrel-windows-x86_64
These binaries (installable software) and packages are in development.
They may not be fully stable and should be used with caution. We make no claims about them.