Last updated on 2025-10-03 13:49:40 CEST.
Flavor | Version | Tinstall | Tcheck | Ttotal | Status | Flags |
---|---|---|---|---|---|---|
r-devel-linux-x86_64-debian-clang | 1.4.5 | 87.41 | 65.34 | 152.75 | OK | |
r-devel-linux-x86_64-debian-gcc | 1.4.5 | 56.84 | 48.42 | 105.26 | OK | |
r-devel-linux-x86_64-fedora-clang | 1.4.5 | 323.34 | OK | |||
r-devel-linux-x86_64-fedora-gcc | 1.4.5 | 278.97 | OK | |||
r-devel-windows-x86_64 | 1.4.5 | 100.00 | 115.00 | 215.00 | OK | |
r-patched-linux-x86_64 | 1.4.5 | 88.99 | 62.45 | 151.44 | OK | |
r-release-linux-x86_64 | 1.4.5 | 89.12 | 62.08 | 151.20 | OK | |
r-release-macos-arm64 | 1.4.5 | 68.00 | OK | |||
r-release-macos-x86_64 | 1.4.5 | 140.00 | OK | |||
r-release-windows-x86_64 | 1.4.5 | 111.00 | 93.00 | 204.00 | OK | |
r-oldrel-macos-arm64 | 1.4.5 | 66.00 | NOTE | |||
r-oldrel-macos-x86_64 | 1.4.5 | 156.00 | NOTE | |||
r-oldrel-windows-x86_64 | 1.4.5 | 130.00 | 113.00 | 243.00 | NOTE |
Version: 1.4.5
Check: installed package size
Result: NOTE
installed size is 20.5Mb
sub-directories of 1Mb or more:
doc 6.1Mb
lib 9.1Mb
libs 4.6Mb
Flavors: r-oldrel-macos-arm64, r-oldrel-macos-x86_64, r-oldrel-windows-x86_64
These binaries (installable software) and packages are in development.
They may not be fully stable and should be used with caution. We make no claims about them.