Last updated on 2024-07-27 15:50:25 CEST.
Flavor | Version | Tinstall | Tcheck | Ttotal | Status | Flags |
---|---|---|---|---|---|---|
r-devel-linux-x86_64-debian-clang | 2.0.44 | 10.37 | 126.32 | 136.69 | OK | |
r-devel-linux-x86_64-debian-gcc | 2.0.44 | OK | ||||
r-devel-linux-x86_64-fedora-clang | 2.0.44 | 170.38 | OK | |||
r-devel-linux-x86_64-fedora-gcc | 2.0.44 | 178.55 | OK | |||
r-devel-windows-x86_64 | 2.0.44 | 8.00 | 115.00 | 123.00 | OK | |
r-patched-linux-x86_64 | 2.0.44 | OK | ||||
r-release-linux-x86_64 | 2.0.44 | 8.20 | 122.82 | 131.02 | OK | |
r-release-macos-arm64 | 2.0.44 | 50.00 | OK | |||
r-release-macos-x86_64 | 2.0.44 | 96.00 | NOTE | |||
r-release-windows-x86_64 | 2.0.44 | 8.00 | 126.00 | 134.00 | OK | |
r-oldrel-macos-arm64 | 2.0.44 | 49.00 | OK | |||
r-oldrel-macos-x86_64 | 2.0.44 | 139.00 | NOTE | |||
r-oldrel-windows-x86_64 | 2.0.44 | 11.00 | 117.00 | 128.00 | OK |
Version: 2.0.44
Check: installed package size
Result: NOTE
installed size is 5.5Mb
sub-directories of 1Mb or more:
data 2.9Mb
doc 1.7Mb
Flavors: r-release-macos-x86_64, r-oldrel-macos-x86_64
These binaries (installable software) and packages are in development.
They may not be fully stable and should be used with caution. We make no claims about them.