Last updated on 2024-07-27 15:50:25 CEST.
Flavor | Version | Tinstall | Tcheck | Ttotal | Status | Flags |
---|---|---|---|---|---|---|
r-devel-linux-x86_64-debian-clang | 0.8 | 50.64 | 216.71 | 267.35 | OK | |
r-devel-linux-x86_64-debian-gcc | 0.8 | NOTE | ||||
r-devel-linux-x86_64-fedora-clang | 0.8 | 357.70 | OK | |||
r-devel-linux-x86_64-fedora-gcc | 0.8 | 335.57 | OK | |||
r-devel-windows-x86_64 | 0.8 | 40.00 | 189.00 | 229.00 | NOTE | |
r-patched-linux-x86_64 | 0.8 | OK | ||||
r-release-linux-x86_64 | 0.8 | 30.70 | 217.52 | 248.22 | OK | |
r-release-macos-arm64 | 0.8 | 90.00 | OK | |||
r-release-macos-x86_64 | 0.8 | 136.00 | OK | |||
r-release-windows-x86_64 | 0.8 | 40.00 | 194.00 | 234.00 | OK | |
r-oldrel-macos-arm64 | 0.8 | 97.00 | OK | |||
r-oldrel-macos-x86_64 | 0.8 | 160.00 | OK | |||
r-oldrel-windows-x86_64 | 0.8 | 53.00 | 257.00 | 310.00 | OK |
Version: 0.8
Check: Rd cross-references
Result: NOTE
Found the following Rd file(s) with Rd \link{} targets missing package
anchors:
midas_lstr_plain.Rd: optimx
midas_mmm_plain.Rd: optimx
midas_nlpr.Rd: optimx
midas_r_plain.Rd: optimx
midas_sp.Rd: optimx
Please provide package anchors for all Rd \link{} targets not in the
package itself and the base packages.
Flavors: r-devel-linux-x86_64-debian-gcc, r-devel-windows-x86_64
These binaries (installable software) and packages are in development.
They may not be fully stable and should be used with caution. We make no claims about them.