CRAN Package Check Results for Package mifa

Last updated on 2025-05-23 07:51:06 CEST.

Flavor Version Tinstall Tcheck Ttotal Status Flags
r-devel-linux-x86_64-debian-clang 0.2.1 2.21 59.52 61.73 OK
r-devel-linux-x86_64-debian-gcc 0.2.1 1.50 47.49 48.99 OK
r-devel-linux-x86_64-fedora-clang 0.2.1 91.14 OK
r-devel-linux-x86_64-fedora-gcc 0.2.1 92.96 OK
r-devel-windows-x86_64 0.2.1 4.00 82.00 86.00 OK
r-patched-linux-x86_64 0.2.1 2.21 58.71 60.92 OK
r-release-linux-x86_64 0.2.1 1.64 56.76 58.40 OK
r-release-macos-arm64 0.2.1 33.00 OK
r-release-macos-x86_64 0.2.1 55.00 OK
r-release-windows-x86_64 0.2.1 4.00 85.00 89.00 OK
r-oldrel-macos-arm64 0.2.1 41.00 OK
r-oldrel-macos-x86_64 0.2.1 60.00 OK
r-oldrel-windows-x86_64 0.2.0 4.00 91.00 95.00 NOTE

Check Details

Version: 0.2.0
Check: LazyData
Result: NOTE 'LazyData' is specified without a 'data' directory Flavor: r-oldrel-windows-x86_64

These binaries (installable software) and packages are in development.
They may not be fully stable and should be used with caution. We make no claims about them.