Last updated on 2024-07-27 15:50:25 CEST.
Flavor | Version | Tinstall | Tcheck | Ttotal | Status | Flags |
---|---|---|---|---|---|---|
r-devel-linux-x86_64-debian-clang | 2.0.4 | 3.91 | 53.60 | 57.51 | OK | |
r-devel-linux-x86_64-debian-gcc | 2.0.4 | OK | ||||
r-devel-linux-x86_64-fedora-clang | 2.0.4 | 72.68 | NOTE | |||
r-devel-linux-x86_64-fedora-gcc | 2.0.4 | 67.95 | NOTE | |||
r-devel-windows-x86_64 | 2.0.4 | 10.00 | 69.00 | 79.00 | OK | |
r-patched-linux-x86_64 | 2.0.4 | OK | ||||
r-release-linux-x86_64 | 2.0.4 | 3.56 | 52.44 | 56.00 | OK | |
r-release-macos-arm64 | 2.0.4 | 26.00 | OK | |||
r-release-macos-x86_64 | 2.0.4 | 35.00 | OK | |||
r-release-windows-x86_64 | 2.0.4 | 7.00 | 69.00 | 76.00 | OK | |
r-oldrel-macos-arm64 | 2.0.4 | 24.00 | OK | |||
r-oldrel-macos-x86_64 | 2.0.4 | 74.00 | OK | |||
r-oldrel-windows-x86_64 | 2.0.4 | 11.00 | 77.00 | 88.00 | OK |
Version: 2.0.4
Check: data for non-ASCII characters
Result: NOTE
Note: found 9 marked UTF-8 strings
Flavors: r-devel-linux-x86_64-fedora-clang, r-devel-linux-x86_64-fedora-gcc
These binaries (installable software) and packages are in development.
They may not be fully stable and should be used with caution. We make no claims about them.