Last updated on 2025-10-23 11:50:19 CEST.
Flavor | Version | Tinstall | Tcheck | Ttotal | Status | Flags |
---|---|---|---|---|---|---|
r-devel-linux-x86_64-debian-clang | 1.5.2 | 10.96 | 143.38 | 154.34 | NOTE | |
r-devel-linux-x86_64-debian-gcc | 1.5.2 | 7.51 | 97.75 | 105.26 | NOTE | |
r-devel-linux-x86_64-fedora-clang | 1.5.2 | 63.00 | 181.44 | 244.44 | NOTE | |
r-devel-linux-x86_64-fedora-gcc | 1.5.2 | 61.00 | 173.37 | 234.37 | NOTE | |
r-devel-windows-x86_64 | 1.5.2 | 13.00 | 128.00 | 141.00 | OK | |
r-patched-linux-x86_64 | 1.5.2 | 10.40 | 133.11 | 143.51 | OK | |
r-release-linux-x86_64 | 1.5.2 | 10.34 | 132.94 | 143.28 | OK | |
r-release-macos-arm64 | 1.5.2 | 5.00 | 51.00 | 56.00 | OK | |
r-release-macos-x86_64 | 1.5.2 | 13.00 | 127.00 | 140.00 | OK | |
r-release-windows-x86_64 | 1.5.2 | 12.00 | 123.00 | 135.00 | OK | |
r-oldrel-macos-arm64 | 1.5.2 | 6.00 | 74.00 | 80.00 | OK | |
r-oldrel-macos-x86_64 | 1.5.2 | 10.00 | 127.00 | 137.00 | OK | |
r-oldrel-windows-x86_64 | 1.5.2 | 18.00 | 159.00 | 177.00 | OK |
Version: 1.5.2
Check: HTML version of manual
Result: NOTE
Found the following HTML validation problems:
measure_over.html:123:1 (measure_over.Rd:63): Warning: missing </ul> before </div>
Flavor: r-devel-linux-x86_64-debian-clang
Version: 1.5.2
Check: Rd files
Result: NOTE
checkRd: (-1) mpn_elite_mex.Rd:67: height/width attributes should be in pixels
checkRd: (-1) mpn_elite_usa.Rd:87: height/width attributes should be in pixels
Flavors: r-devel-linux-x86_64-debian-gcc, r-devel-linux-x86_64-fedora-clang, r-devel-linux-x86_64-fedora-gcc
These binaries (installable software) and packages are in development.
They may not be fully stable and should be used with caution. We make no claims about them.