CRAN Package Check Results for Package migration.indices

Last updated on 2025-05-23 11:56:00 CEST.

Flavor Version Tinstall Tcheck Ttotal Status Flags
r-devel-linux-x86_64-debian-clang 0.3.1 2.17 26.61 28.78 NOTE
r-devel-linux-x86_64-debian-gcc 0.3.1 1.65 21.34 22.99 NOTE
r-devel-linux-x86_64-fedora-clang 0.3.1 41.86 OK
r-devel-linux-x86_64-fedora-gcc 0.3.1 39.73 OK
r-devel-windows-x86_64 0.3.1 3.00 98.00 101.00 OK
r-patched-linux-x86_64 0.3.1 2.33 23.71 26.04 OK
r-release-linux-x86_64 0.3.1 1.88 24.11 25.99 OK
r-release-macos-arm64 0.3.1 19.00 OK
r-release-macos-x86_64 0.3.1 32.00 OK
r-release-windows-x86_64 0.3.1 4.00 98.00 102.00 OK
r-oldrel-macos-arm64 0.3.1 20.00 OK
r-oldrel-macos-x86_64 0.3.1 28.00 OK
r-oldrel-windows-x86_64 0.3.1 3.00 54.00 57.00 OK

Check Details

Version: 0.3.1
Check: CRAN incoming feasibility
Result: NOTE Maintainer: ‘Gergely Daróczi <daroczig@rapporter.net>’ No Authors@R field in DESCRIPTION. Please add one, modifying Authors@R: c(person(given = "Lajos", family = "Bálint", role = "aut", email = "balint@demografia.hu"), person(given = "Gergely", family = "Daróczi", role = c("aut", "cre"), email = "daroczig@rapporter.net")) as necessary. Package CITATION file contains call(s) to old-style citEntry(). Please use bibentry() instead. Flavors: r-devel-linux-x86_64-debian-clang, r-devel-linux-x86_64-debian-gcc

These binaries (installable software) and packages are in development.
They may not be fully stable and should be used with caution. We make no claims about them.