Last updated on 2025-05-01 08:52:38 CEST.
Flavor | Version | Tinstall | Tcheck | Ttotal | Status | Flags |
---|---|---|---|---|---|---|
r-devel-linux-x86_64-debian-clang | 2.0.3 | 79.64 | 49.37 | 129.01 | OK | |
r-devel-linux-x86_64-debian-gcc | 2.0.3 | 53.70 | 35.01 | 88.71 | OK | |
r-devel-linux-x86_64-fedora-clang | 2.0.3 | 245.19 | OK | |||
r-devel-linux-x86_64-fedora-gcc | 2.0.3 | 232.78 | OK | |||
r-devel-windows-x86_64 | 2.0.3 | 91.00 | 97.00 | 188.00 | OK | |
r-patched-linux-x86_64 | 2.0.3 | 79.60 | 46.14 | 125.74 | OK | |
r-release-linux-x86_64 | OK | |||||
r-release-macos-arm64 | 2.0.3 | 52.00 | OK | |||
r-release-macos-x86_64 | 2.0.3 | 78.00 | OK | |||
r-release-windows-x86_64 | 2.0.3 | 92.00 | 99.00 | 191.00 | OK | |
r-oldrel-macos-arm64 | 2.0.3 | 51.00 | NOTE | |||
r-oldrel-macos-x86_64 | 2.0.3 | 77.00 | NOTE | |||
r-oldrel-windows-x86_64 | 2.0.3 | 101.00 | 109.00 | 210.00 | OK |
Version: 2.0.3
Check: installed package size
Result: NOTE
installed size is 6.5Mb
sub-directories of 1Mb or more:
libs 6.0Mb
Flavors: r-oldrel-macos-arm64, r-oldrel-macos-x86_64
These binaries (installable software) and packages are in development.
They may not be fully stable and should be used with caution. We make no claims about them.