Last updated on 2025-10-23 23:49:36 CEST.
| Flavor | Version | Tinstall | Tcheck | Ttotal | Status | Flags |
|---|---|---|---|---|---|---|
| r-devel-linux-x86_64-debian-clang | 2.0.3 | 75.57 | 52.47 | 128.04 | OK | |
| r-devel-linux-x86_64-debian-gcc | 2.0.3 | 51.88 | 36.78 | 88.66 | OK | |
| r-devel-linux-x86_64-fedora-clang | 2.0.3 | 244.00 | 13.25 | 257.25 | OK | |
| r-devel-linux-x86_64-fedora-gcc | 2.0.3 | 137.00 | 86.24 | 223.24 | OK | |
| r-devel-windows-x86_64 | 2.0.3 | 90.00 | 93.00 | 183.00 | OK | |
| r-patched-linux-x86_64 | 2.0.3 | 78.04 | 49.79 | 127.83 | OK | |
| r-release-linux-x86_64 | 2.0.3 | 78.09 | 49.68 | 127.77 | OK | |
| r-release-macos-arm64 | 2.0.3 | 28.00 | 24.00 | 52.00 | OK | |
| r-release-macos-x86_64 | 2.0.3 | 32.00 | 46.00 | 78.00 | OK | |
| r-release-windows-x86_64 | 2.0.3 | 90.00 | 92.00 | 182.00 | OK | |
| r-oldrel-macos-arm64 | 2.0.3 | 27.00 | 24.00 | 51.00 | NOTE | |
| r-oldrel-macos-x86_64 | 2.0.3 | 26.00 | 51.00 | 77.00 | NOTE | |
| r-oldrel-windows-x86_64 | 2.0.3 | 109.00 | 111.00 | 220.00 | OK |
Version: 2.0.3
Check: installed package size
Result: NOTE
installed size is 6.5Mb
sub-directories of 1Mb or more:
libs 6.0Mb
Flavors: r-oldrel-macos-arm64, r-oldrel-macos-x86_64
These binaries (installable software) and packages are in development.
They may not be fully stable and should be used with caution. We make no claims about them.