CRAN Package Check Results for Package mikropml

Last updated on 2025-02-16 08:50:54 CET.

Flavor Version Tinstall Tcheck Ttotal Status Flags
r-devel-linux-x86_64-debian-clang 1.6.1 21.18 241.44 262.62 NOTE
r-devel-linux-x86_64-debian-gcc 1.6.1 17.09 166.84 183.93 NOTE
r-devel-linux-x86_64-fedora-clang 1.6.1 415.79 NOTE
r-devel-linux-x86_64-fedora-gcc 1.6.1 403.66 NOTE
r-devel-macos-arm64 1.6.1 121.00 NOTE
r-devel-macos-x86_64 1.6.1 217.00 NOTE
r-devel-windows-x86_64 1.6.1 25.00 241.00 266.00 NOTE
r-patched-linux-x86_64 1.6.1 22.68 219.62 242.30 NOTE
r-release-linux-x86_64 1.6.1 20.26 218.60 238.86 NOTE
r-release-macos-arm64 1.6.1 112.00 NOTE
r-release-macos-x86_64 1.6.1 169.00 NOTE
r-release-windows-x86_64 1.6.1 25.00 239.00 264.00 NOTE
r-oldrel-macos-arm64 1.6.1 136.00 OK
r-oldrel-macos-x86_64 1.6.1 280.00 OK
r-oldrel-windows-x86_64 1.6.1 35.00 340.00 375.00 OK

Check Details

Version: 1.6.1
Check: Rd files
Result: NOTE checkRd: (-1) create_grouped_data_partition.Rd:60: Lost braces; missing escapes or markup? 60 | Zena Lapp, {zenalapp@umich.edu} | ^ checkRd: (-1) create_grouped_data_partition.Rd:62: Lost braces; missing escapes or markup? 62 | Kelly Sovacool, {sovacool@umich.edu} | ^ checkRd: (-1) create_grouped_k_multifolds.Rd:30: Lost braces; missing escapes or markup? 30 | Zena Lapp, {zenalapp@umich.edu} | ^ checkRd: (-1) get_partition_indices.Rd:58: Lost braces; missing escapes or markup? 58 | Kelly Sovacool, {sovacool@umich.edu} | ^ checkRd: (-1) set_hparams_glmnet.Rd:16: Lost braces; missing escapes or markup? 16 | Zena Lapp, {zenalapp@umich.edu} | ^ Flavors: r-devel-linux-x86_64-debian-clang, r-devel-linux-x86_64-debian-gcc, r-devel-linux-x86_64-fedora-clang, r-devel-linux-x86_64-fedora-gcc, r-devel-macos-arm64, r-devel-macos-x86_64, r-devel-windows-x86_64, r-patched-linux-x86_64, r-release-linux-x86_64, r-release-macos-arm64, r-release-macos-x86_64, r-release-windows-x86_64

These binaries (installable software) and packages are in development.
They may not be fully stable and should be used with caution. We make no claims about them.