Last updated on 2025-10-24 11:50:51 CEST.
| Flavor | Version | Tinstall | Tcheck | Ttotal | Status | Flags |
|---|---|---|---|---|---|---|
| r-devel-linux-x86_64-debian-clang | 0.4.1 | 7.42 | 132.96 | 140.38 | OK | |
| r-devel-linux-x86_64-debian-gcc | 0.4.1 | 4.91 | 84.97 | 89.88 | OK | |
| r-devel-linux-x86_64-fedora-clang | 0.4.1 | 22.00 | 208.19 | 230.19 | OK | |
| r-devel-linux-x86_64-fedora-gcc | 0.4.1 | 15.00 | 200.95 | 215.95 | OK | |
| r-devel-windows-x86_64 | 0.4.1 | 9.00 | 140.00 | 149.00 | OK | |
| r-patched-linux-x86_64 | 0.4.1 | 8.98 | 124.09 | 133.07 | OK | |
| r-release-linux-x86_64 | 0.4.1 | 7.78 | 125.11 | 132.89 | OK | |
| r-release-macos-arm64 | 0.4.1 | 4.00 | 51.00 | 55.00 | OK | |
| r-release-macos-x86_64 | 0.4.1 | 6.00 | 123.00 | 129.00 | OK | |
| r-release-windows-x86_64 | 0.4.1 | 12.00 | 137.00 | 149.00 | OK | |
| r-oldrel-macos-arm64 | 0.4.1 | 3.00 | 56.00 | 59.00 | NOTE | |
| r-oldrel-macos-x86_64 | 0.4.1 | 7.00 | 134.00 | 141.00 | NOTE | |
| r-oldrel-windows-x86_64 | 0.4.1 | 15.00 | 186.00 | 201.00 | NOTE |
Version: 0.4.1
Check: package dependencies
Result: NOTE
Package suggested but not available for checking: ‘gurobi’
Flavors: r-oldrel-macos-arm64, r-oldrel-macos-x86_64, r-oldrel-windows-x86_64
These binaries (installable software) and packages are in development.
They may not be fully stable and should be used with caution. We make no claims about them.