Last updated on 2025-11-11 15:50:39 CET.
| Flavor | Version | Tinstall | Tcheck | Ttotal | Status | Flags |
|---|---|---|---|---|---|---|
| r-devel-linux-x86_64-debian-clang | 0.7.1 | 98.57 | 82.89 | 181.46 | OK | |
| r-devel-linux-x86_64-debian-gcc | 0.7.1 | 71.94 | 63.58 | 135.52 | OK | |
| r-devel-linux-x86_64-fedora-clang | 0.7.1 | 144.00 | 182.85 | 326.85 | OK | |
| r-devel-linux-x86_64-fedora-gcc | 0.7.1 | 146.00 | 189.28 | 335.28 | OK | |
| r-devel-windows-x86_64 | 0.7.1 | 116.00 | 113.00 | 229.00 | OK | |
| r-patched-linux-x86_64 | 0.7.1 | 105.26 | 85.54 | 190.80 | OK | |
| r-release-linux-x86_64 | 0.7.1 | 103.49 | 85.23 | 188.72 | OK | |
| r-release-macos-arm64 | 0.7.1 | 35.00 | 39.00 | 74.00 | OK | |
| r-release-macos-x86_64 | 0.7.1 | 29.00 | 88.00 | 117.00 | OK | |
| r-release-windows-x86_64 | 0.7.1 | 116.00 | 109.00 | 225.00 | OK | |
| r-oldrel-macos-arm64 | 0.7.1 | 39.00 | 77.00 | 116.00 | NOTE | |
| r-oldrel-macos-x86_64 | 0.7.1 | 35.00 | 94.00 | 129.00 | NOTE | |
| r-oldrel-windows-x86_64 | 0.7.1 | 134.00 | 135.00 | 269.00 | OK |
Version: 0.7.1
Check: installed package size
Result: NOTE
installed size is 15.0Mb
sub-directories of 1Mb or more:
libs 14.4Mb
Flavors: r-oldrel-macos-arm64, r-oldrel-macos-x86_64
These binaries (installable software) and packages are in development.
They may not be fully stable and should be used with caution. We make no claims about them.