Last updated on 2025-02-16 08:50:54 CET.
Flavor | Version | Tinstall | Tcheck | Ttotal | Status | Flags |
---|---|---|---|---|---|---|
r-devel-linux-x86_64-debian-clang | 0.7 | 96.27 | 80.32 | 176.59 | OK | |
r-devel-linux-x86_64-debian-gcc | 0.7 | 73.28 | 62.18 | 135.46 | OK | |
r-devel-linux-x86_64-fedora-clang | 0.7 | 335.06 | OK | |||
r-devel-linux-x86_64-fedora-gcc | 0.7 | 371.15 | OK | |||
r-devel-macos-arm64 | 0.7 | 93.00 | OK | |||
r-devel-macos-x86_64 | 0.7 | 152.00 | OK | |||
r-devel-windows-x86_64 | 0.7 | 107.00 | 114.00 | 221.00 | OK | |
r-patched-linux-x86_64 | 0.7 | 104.80 | 82.86 | 187.66 | OK | |
r-release-linux-x86_64 | 0.7 | 100.58 | 83.17 | 183.75 | OK | |
r-release-macos-arm64 | 0.7 | 120.00 | NOTE | |||
r-release-macos-x86_64 | 0.7 | 198.00 | NOTE | |||
r-release-windows-x86_64 | 0.7 | 111.00 | 108.00 | 219.00 | OK | |
r-oldrel-macos-arm64 | 0.7 | 127.00 | NOTE | |||
r-oldrel-macos-x86_64 | 0.7 | 234.00 | NOTE | |||
r-oldrel-windows-x86_64 | 0.7 | 130.00 | 140.00 | 270.00 | OK |
Version: 0.7
Check: installed package size
Result: NOTE
installed size is 14.9Mb
sub-directories of 1Mb or more:
libs 14.2Mb
Flavors: r-release-macos-arm64, r-release-macos-x86_64, r-oldrel-macos-arm64, r-oldrel-macos-x86_64
These binaries (installable software) and packages are in development.
They may not be fully stable and should be used with caution. We make no claims about them.