Last updated on 2025-10-24 13:49:43 CEST.
| Flavor | Version | Tinstall | Tcheck | Ttotal | Status | Flags |
|---|---|---|---|---|---|---|
| r-devel-linux-x86_64-debian-clang | 0.13 | 2.30 | 21.29 | 23.59 | NOTE | |
| r-devel-linux-x86_64-debian-gcc | 0.13 | 2.03 | 18.05 | 20.08 | NOTE | |
| r-devel-linux-x86_64-fedora-clang | 0.13 | 34.47 | OK | |||
| r-devel-linux-x86_64-fedora-gcc | 0.13 | 32.27 | OK | |||
| r-devel-windows-x86_64 | 0.13 | 6.00 | 46.00 | 52.00 | OK | |
| r-patched-linux-x86_64 | 0.13 | 1.92 | 19.03 | 20.95 | OK | |
| r-release-linux-x86_64 | 0.13 | 1.45 | 19.24 | 20.69 | OK | |
| r-release-macos-arm64 | 0.13 | 3.00 | 15.00 | 18.00 | OK | |
| r-release-macos-x86_64 | 0.13 | 4.00 | 23.00 | 27.00 | OK | |
| r-release-windows-x86_64 | 0.13 | 7.00 | 62.00 | 69.00 | OK | |
| r-oldrel-macos-arm64 | 0.13 | 4.00 | 37.00 | 41.00 | OK | |
| r-oldrel-macos-x86_64 | 0.13 | 16.00 | 65.00 | 81.00 | OK | |
| r-oldrel-windows-x86_64 | 0.13 | 9.00 | 43.00 | 52.00 | OK |
Version: 0.13
Check: DESCRIPTION meta-information
Result: NOTE
Author field differs from that derived from Authors@R
Author: ‘Yihui Xie [aut, cre] (<https://orcid.org/0000-0003-0645-5666>, https://yihui.org), Jeffrey Horner [ctb], Beilei Bian [ctb]’
Authors@R: ‘Yihui Xie [aut, cre] (ORCID: <https://orcid.org/0000-0003-0645-5666>, URL: https://yihui.org), Jeffrey Horner [ctb], Beilei Bian [ctb]’
Flavors: r-devel-linux-x86_64-debian-clang, r-devel-linux-x86_64-debian-gcc
These binaries (installable software) and packages are in development.
They may not be fully stable and should be used with caution. We make no claims about them.