Last updated on 2025-05-07 15:49:22 CEST.
Flavor | Version | Tinstall | Tcheck | Ttotal | Status | Flags |
---|---|---|---|---|---|---|
r-devel-linux-x86_64-debian-clang | 1.0.0 | 4.92 | 50.94 | 55.86 | NOTE | |
r-devel-linux-x86_64-debian-gcc | 1.0.0 | 3.89 | 36.62 | 40.51 | NOTE | |
r-devel-linux-x86_64-fedora-clang | 1.0.0 | 80.34 | OK | |||
r-devel-linux-x86_64-fedora-gcc | 1.0.0 | 89.90 | OK | |||
r-devel-windows-x86_64 | 1.0.0 | 8.00 | 70.00 | 78.00 | OK | |
r-patched-linux-x86_64 | 1.0.0 | 5.94 | 48.09 | 54.03 | OK | |
r-release-linux-x86_64 | 1.0.0 | 5.25 | 48.99 | 54.24 | OK | |
r-release-macos-arm64 | 1.0.0 | 40.00 | OK | |||
r-release-macos-x86_64 | 1.0.0 | 40.00 | OK | |||
r-release-windows-x86_64 | 1.0.0 | 8.00 | 70.00 | 78.00 | OK | |
r-oldrel-macos-arm64 | 1.0.0 | 29.00 | NOTE | |||
r-oldrel-macos-x86_64 | 1.0.0 | 38.00 | NOTE | |||
r-oldrel-windows-x86_64 | 1.0.0 | 9.00 | 82.00 | 91.00 | OK |
Version: 1.0.0
Check: CRAN incoming feasibility
Result: NOTE
Maintainer: ‘Allison Throm <throm@wustl.edu>’
No Authors@R field in DESCRIPTION.
Please add one, modifying
Authors@R: person(given = "Allison",
family = "Throm",
role = c("aut", "cre"),
email = "throm@wustl.edu")
as necessary.
Flavors: r-devel-linux-x86_64-debian-clang, r-devel-linux-x86_64-debian-gcc
Version: 1.0.0
Check: installed package size
Result: NOTE
installed size is 5.6Mb
sub-directories of 1Mb or more:
data 5.5Mb
Flavors: r-oldrel-macos-arm64, r-oldrel-macos-x86_64
These binaries (installable software) and packages are in development.
They may not be fully stable and should be used with caution. We make no claims about them.