CRAN Package Check Results for Package mineSweepR

Last updated on 2025-05-21 23:48:48 CEST.

Flavor Version Tinstall Tcheck Ttotal Status Flags
r-devel-linux-x86_64-debian-clang 0.1.1 38.57 330.93 369.50 OK
r-devel-linux-x86_64-debian-gcc 0.1.1 27.01 212.46 239.47 OK
r-devel-linux-x86_64-fedora-clang 0.1.1 606.89 OK
r-devel-linux-x86_64-fedora-gcc 0.1.1 580.86 OK
r-devel-windows-x86_64 0.1.1 36.00 256.00 292.00 OK
r-patched-linux-x86_64 0.1.1 36.87 304.95 341.82 OK
r-release-linux-x86_64 0.1.1 36.42 305.99 342.41 OK
r-release-macos-arm64 0.1.1 123.00 OK
r-release-macos-x86_64 0.1.1 6.00 ERROR
r-release-windows-x86_64 0.1.1 35.00 252.00 287.00 OK
r-oldrel-macos-arm64 0.1.1 112.00 OK
r-oldrel-macos-x86_64 0.1.1 174.00 OK
r-oldrel-windows-x86_64 0.1.1 49.00 336.00 385.00 OK

Check Details

Version: 0.1.1
Check: package dependencies
Result: ERROR Package required but not available: ‘InteractiveComplexHeatmap’ See section ‘The DESCRIPTION file’ in the ‘Writing R Extensions’ manual. Flavor: r-release-macos-x86_64

These binaries (installable software) and packages are in development.
They may not be fully stable and should be used with caution. We make no claims about them.