Last updated on 2025-07-04 07:49:33 CEST.
Flavor | Version | Tinstall | Tcheck | Ttotal | Status | Flags |
---|---|---|---|---|---|---|
r-devel-linux-x86_64-debian-clang | 0.1.1 | 41.20 | 334.65 | 375.85 | OK | |
r-devel-linux-x86_64-debian-gcc | 0.1.1 | 25.94 | 213.87 | 239.81 | OK | |
r-devel-linux-x86_64-fedora-clang | 0.1.1 | 590.32 | OK | |||
r-devel-linux-x86_64-fedora-gcc | 0.1.1 | 555.33 | OK | |||
r-devel-windows-x86_64 | 0.1.1 | 35.00 | 264.00 | 299.00 | OK | |
r-patched-linux-x86_64 | 0.1.1 | 37.26 | 310.25 | 347.51 | OK | |
r-release-linux-x86_64 | 0.1.1 | 36.75 | 311.41 | 348.16 | OK | |
r-release-macos-arm64 | 0.1.1 | 123.00 | OK | |||
r-release-macos-x86_64 | 0.1.1 | 6.00 | ERROR | |||
r-release-windows-x86_64 | 0.1.1 | 35.00 | 242.00 | 277.00 | OK | |
r-oldrel-macos-arm64 | 0.1.1 | 112.00 | OK | |||
r-oldrel-macos-x86_64 | 0.1.1 | 174.00 | OK | |||
r-oldrel-windows-x86_64 | 0.1.1 | 50.00 | 342.00 | 392.00 | OK |
Version: 0.1.1
Check: package dependencies
Result: ERROR
Package required but not available: ‘InteractiveComplexHeatmap’
See section ‘The DESCRIPTION file’ in the ‘Writing R Extensions’
manual.
Flavor: r-release-macos-x86_64
These binaries (installable software) and packages are in development.
They may not be fully stable and should be used with caution. We make no claims about them.