CRAN Package Check Results for Package mined

Last updated on 2025-02-16 08:50:54 CET.

Flavor Version Tinstall Tcheck Ttotal Status Flags
r-devel-linux-x86_64-debian-clang 1.0-3 57.85 27.95 85.80 NOTE
r-devel-linux-x86_64-debian-gcc 1.0-3 45.24 27.28 72.52 NOTE
r-devel-linux-x86_64-fedora-clang 1.0-3 142.06 NOTE
r-devel-linux-x86_64-fedora-gcc 1.0-3 177.82 NOTE
r-devel-macos-arm64 1.0-3 47.00 NOTE
r-devel-macos-x86_64 1.0-3 85.00 NOTE
r-devel-windows-x86_64 1.0-3 50.00 76.00 126.00 NOTE
r-patched-linux-x86_64 1.0-3 57.50 31.68 89.18 NOTE
r-release-linux-x86_64 1.0-3 61.95 32.47 94.42 NOTE
r-release-macos-arm64 1.0-3 51.00 NOTE
r-release-macos-x86_64 1.0-3 59.00 NOTE
r-release-windows-x86_64 1.0-3 52.00 76.00 128.00 NOTE
r-oldrel-macos-arm64 1.0-3 46.00 NOTE
r-oldrel-macos-x86_64 1.0-3 79.00 NOTE
r-oldrel-windows-x86_64 1.0-3 68.00 114.00 182.00 NOTE

Check Details

Version: 1.0-3
Check: C++ specification
Result: NOTE Specified C++11: please drop specification unless essential Flavors: r-devel-linux-x86_64-debian-clang, r-devel-linux-x86_64-debian-gcc, r-devel-linux-x86_64-fedora-clang, r-devel-linux-x86_64-fedora-gcc, r-devel-macos-arm64, r-devel-macos-x86_64, r-devel-windows-x86_64, r-patched-linux-x86_64, r-release-linux-x86_64, r-release-macos-arm64, r-release-macos-x86_64, r-release-windows-x86_64, r-oldrel-macos-arm64, r-oldrel-macos-x86_64, r-oldrel-windows-x86_64

Version: 1.0-3
Check: installed package size
Result: NOTE installed size is 27.6Mb sub-directories of 1Mb or more: libs 27.5Mb Flavors: r-release-macos-arm64, r-release-macos-x86_64, r-oldrel-macos-arm64, r-oldrel-macos-x86_64

These binaries (installable software) and packages are in development.
They may not be fully stable and should be used with caution. We make no claims about them.