CRAN Package Check Results for Package minerva

Last updated on 2025-05-21 17:52:18 CEST.

Flavor Version Tinstall Tcheck Ttotal Status Flags
r-devel-linux-x86_64-debian-clang 1.5.10 23.75 32.07 55.82 NOTE
r-devel-linux-x86_64-debian-gcc 1.5.10 17.60 25.11 42.71 NOTE
r-devel-linux-x86_64-fedora-clang 1.5.10 99.16 OK
r-devel-linux-x86_64-fedora-gcc 1.5.10 99.62 OK
r-devel-windows-x86_64 1.5.10 32.00 82.00 114.00 OK
r-patched-linux-x86_64 1.5.10 23.73 29.73 53.46 OK
r-release-linux-x86_64 1.5.10 24.19 30.14 54.33 OK
r-release-macos-arm64 1.5.10 30.00 OK
r-release-macos-x86_64 1.5.10 46.00 OK
r-release-windows-x86_64 1.5.10 32.00 79.00 111.00 OK
r-oldrel-macos-arm64 1.5.10 31.00 OK
r-oldrel-macos-x86_64 1.5.10 39.00 OK
r-oldrel-windows-x86_64 1.5.10 37.00 86.00 123.00 OK

Check Details

Version: 1.5.10
Check: CRAN incoming feasibility
Result: NOTE Maintainer: ‘Michele Filosi <michele.filosi@gmail.com>’ Package CITATION file contains call(s) to old-style personList() or as.personList(). Please use c() on person objects instead. Package CITATION file contains call(s) to old-style citEntry(). Please use bibentry() instead. Flavors: r-devel-linux-x86_64-debian-clang, r-devel-linux-x86_64-debian-gcc

These binaries (installable software) and packages are in development.
They may not be fully stable and should be used with caution. We make no claims about them.