Last updated on 2025-05-21 21:49:23 CEST.
Flavor | Version | Tinstall | Tcheck | Ttotal | Status | Flags |
---|---|---|---|---|---|---|
r-devel-linux-x86_64-debian-clang | 0.1.0 | 131.50 | 161.69 | 293.19 | NOTE | |
r-devel-linux-x86_64-debian-gcc | 0.1.0 | 114.50 | 124.59 | 239.09 | NOTE | |
r-devel-linux-x86_64-fedora-clang | 0.1.0 | 453.22 | NOTE | |||
r-devel-linux-x86_64-fedora-gcc | 0.1.0 | 559.47 | NOTE | |||
r-devel-windows-x86_64 | 0.1.0 | 149.00 | 209.00 | 358.00 | NOTE | |
r-patched-linux-x86_64 | 0.1.0 | 143.39 | 168.64 | 312.03 | NOTE | |
r-release-linux-x86_64 | 0.1.0 | 143.98 | 167.21 | 311.19 | NOTE | |
r-release-macos-arm64 | 0.1.0 | 119.00 | NOTE | |||
r-release-macos-x86_64 | 0.1.0 | 304.00 | NOTE | |||
r-release-windows-x86_64 | 0.1.0 | 147.00 | 204.00 | 351.00 | NOTE | |
r-oldrel-macos-arm64 | 0.1.0 | 70.00 | NOTE | |||
r-oldrel-macos-x86_64 | 0.1.0 | 127.00 | NOTE | |||
r-oldrel-windows-x86_64 | 0.1.0 | 167.00 | 243.00 | 410.00 | NOTE |
Version: 0.1.0
Check: DESCRIPTION meta-information
Result: NOTE
Missing dependency on R >= 4.1.0 because package code uses the pipe
|> or function shorthand \(...) syntax added in R 4.1.0.
File(s) using such syntax:
‘estimate.R’ ‘formula.R’ ‘toy_data.R’
Flavors: r-devel-linux-x86_64-debian-clang, r-devel-linux-x86_64-debian-gcc, r-devel-linux-x86_64-fedora-clang, r-devel-linux-x86_64-fedora-gcc, r-devel-windows-x86_64, r-patched-linux-x86_64, r-release-linux-x86_64, r-release-macos-arm64, r-release-macos-x86_64, r-release-windows-x86_64
Version: 0.1.0
Check: installed package size
Result: NOTE
installed size is 42.4Mb
sub-directories of 1Mb or more:
libs 41.9Mb
Flavors: r-oldrel-macos-arm64, r-oldrel-macos-x86_64
Version: 0.1.0
Check: for GNU extensions in Makefiles
Result: NOTE
GNU make is a SystemRequirements.
Flavors: r-oldrel-macos-arm64, r-oldrel-macos-x86_64, r-oldrel-windows-x86_64
These binaries (installable software) and packages are in development.
They may not be fully stable and should be used with caution. We make no claims about them.