Last updated on 2025-11-12 12:53:15 CET.
| Flavor | Version | Tinstall | Tcheck | Ttotal | Status | Flags |
|---|---|---|---|---|---|---|
| r-devel-linux-x86_64-debian-clang | 0.1.0 | 130.01 | 176.47 | 306.48 | NOTE | |
| r-devel-linux-x86_64-debian-gcc | 0.1.0 | 116.77 | 130.64 | 247.41 | NOTE | |
| r-devel-linux-x86_64-fedora-clang | 0.1.0 | 260.00 | 214.76 | 474.76 | NOTE | |
| r-devel-linux-x86_64-fedora-gcc | 0.1.0 | 334.00 | 208.30 | 542.30 | NOTE | |
| r-devel-windows-x86_64 | 0.1.0 | 149.00 | 198.00 | 347.00 | NOTE | |
| r-patched-linux-x86_64 | 0.1.0 | 145.96 | 181.89 | 327.85 | NOTE | |
| r-release-linux-x86_64 | 0.1.0 | 158.25 | 181.15 | 339.40 | NOTE | |
| r-release-macos-arm64 | 0.1.0 | 51.00 | 68.00 | 119.00 | NOTE | |
| r-release-macos-x86_64 | 0.1.0 | 140.00 | 164.00 | 304.00 | NOTE | |
| r-release-windows-x86_64 | 0.1.0 | 145.00 | 194.00 | 339.00 | NOTE | |
| r-oldrel-macos-arm64 | 0.1.0 | 27.00 | 43.00 | 70.00 | NOTE | |
| r-oldrel-macos-x86_64 | 0.1.0 | 52.00 | 75.00 | 127.00 | NOTE | |
| r-oldrel-windows-x86_64 | 0.1.0 | 170.00 | 252.00 | 422.00 | NOTE |
Version: 0.1.0
Check: DESCRIPTION meta-information
Result: NOTE
Missing dependency on R >= 4.1.0 because package code uses the pipe
|> or function shorthand \(...) syntax added in R 4.1.0.
File(s) using such syntax:
‘estimate.R’ ‘formula.R’ ‘toy_data.R’
Flavors: r-devel-linux-x86_64-debian-clang, r-devel-linux-x86_64-debian-gcc, r-devel-linux-x86_64-fedora-clang, r-devel-linux-x86_64-fedora-gcc, r-devel-windows-x86_64, r-patched-linux-x86_64, r-release-linux-x86_64, r-release-macos-arm64, r-release-macos-x86_64, r-release-windows-x86_64
Version: 0.1.0
Check: installed package size
Result: NOTE
installed size is 42.4Mb
sub-directories of 1Mb or more:
libs 41.9Mb
Flavors: r-oldrel-macos-arm64, r-oldrel-macos-x86_64
Version: 0.1.0
Check: for GNU extensions in Makefiles
Result: NOTE
GNU make is a SystemRequirements.
Flavors: r-oldrel-macos-arm64, r-oldrel-macos-x86_64, r-oldrel-windows-x86_64
These binaries (installable software) and packages are in development.
They may not be fully stable and should be used with caution. We make no claims about them.