Last updated on 2025-07-02 01:51:43 CEST.
Flavor | Version | Tinstall | Tcheck | Ttotal | Status | Flags |
---|---|---|---|---|---|---|
r-devel-linux-x86_64-debian-clang | 0.4.0 | 26.29 | 34.47 | 60.76 | NOTE | |
r-devel-linux-x86_64-debian-gcc | 0.4.0 | 20.85 | 27.01 | 47.86 | NOTE | |
r-devel-linux-x86_64-fedora-clang | 0.4.0 | 110.68 | NOTE | |||
r-devel-linux-x86_64-fedora-gcc | 0.4.0 | 100.15 | NOTE | |||
r-devel-windows-x86_64 | 0.4.0 | 33.00 | 76.00 | 109.00 | NOTE | |
r-patched-linux-x86_64 | NOTE | |||||
r-release-linux-x86_64 | 0.4.0 | 29.23 | 30.84 | 60.07 | NOTE | |
r-release-macos-arm64 | 0.4.0 | 33.00 | NOTE | |||
r-release-macos-x86_64 | 0.4.0 | 61.00 | NOTE | |||
r-release-windows-x86_64 | 0.4.0 | 33.00 | 78.00 | 111.00 | NOTE | |
r-oldrel-macos-arm64 | 0.4.0 | 37.00 | OK | |||
r-oldrel-macos-x86_64 | 0.4.0 | 62.00 | OK | |||
r-oldrel-windows-x86_64 | 0.4.0 | 36.00 | 86.00 | 122.00 | OK |
Version: 0.4.0
Check: DESCRIPTION meta-information
Result: NOTE
Missing dependency on R >= 4.2.0 because package code uses the pipe
placeholder syntax added in R 4.2.0.
File(s) using such syntax:
‘s3methods.R’
Flavors: r-devel-linux-x86_64-debian-clang, r-devel-linux-x86_64-debian-gcc, r-devel-linux-x86_64-fedora-clang, r-devel-linux-x86_64-fedora-gcc, r-devel-windows-x86_64, r-patched-linux-x86_64, r-release-linux-x86_64, r-release-macos-arm64, r-release-macos-x86_64, r-release-windows-x86_64
These binaries (installable software) and packages are in development.
They may not be fully stable and should be used with caution. We make no claims about them.