Last updated on 2025-11-12 19:51:54 CET.
| Flavor | Version | Tinstall | Tcheck | Ttotal | Status | Flags |
|---|---|---|---|---|---|---|
| r-devel-linux-x86_64-debian-clang | 0.4.0 | 24.67 | 37.29 | 61.96 | NOTE | |
| r-devel-linux-x86_64-debian-gcc | 0.4.0 | 18.63 | 29.22 | 47.85 | NOTE | |
| r-devel-linux-x86_64-fedora-clang | 0.4.0 | 68.00 | 42.93 | 110.93 | NOTE | |
| r-devel-linux-x86_64-fedora-gcc | 0.4.0 | 50.00 | 56.02 | 106.02 | NOTE | |
| r-devel-windows-x86_64 | 0.4.0 | 46.00 | 70.00 | 116.00 | NOTE | |
| r-patched-linux-x86_64 | 0.4.0 | 25.35 | 34.79 | 60.14 | NOTE | |
| r-release-linux-x86_64 | 0.4.0 | 29.23 | 33.77 | 63.00 | NOTE | |
| r-release-macos-arm64 | 0.4.0 | 11.00 | 22.00 | 33.00 | NOTE | |
| r-release-macos-x86_64 | 0.4.0 | 17.00 | 44.00 | 61.00 | NOTE | |
| r-release-windows-x86_64 | 0.4.0 | 34.00 | 68.00 | 102.00 | NOTE | |
| r-oldrel-macos-arm64 | 0.4.0 | 14.00 | 23.00 | 37.00 | OK | |
| r-oldrel-macos-x86_64 | 0.4.0 | 13.00 | 49.00 | 62.00 | OK | |
| r-oldrel-windows-x86_64 | 0.4.0 | 40.00 | 86.00 | 126.00 | OK |
Version: 0.4.0
Check: DESCRIPTION meta-information
Result: NOTE
Missing dependency on R >= 4.2.0 because package code uses the pipe
placeholder syntax added in R 4.2.0.
File(s) using such syntax:
‘s3methods.R’
Flavors: r-devel-linux-x86_64-debian-clang, r-devel-linux-x86_64-debian-gcc, r-devel-linux-x86_64-fedora-clang, r-devel-linux-x86_64-fedora-gcc, r-devel-windows-x86_64, r-patched-linux-x86_64, r-release-linux-x86_64, r-release-macos-arm64, r-release-macos-x86_64, r-release-windows-x86_64
These binaries (installable software) and packages are in development.
They may not be fully stable and should be used with caution. We make no claims about them.