Last updated on 2025-02-16 08:50:54 CET.
Flavor | Version | Tinstall | Tcheck | Ttotal | Status | Flags |
---|---|---|---|---|---|---|
r-devel-linux-x86_64-debian-clang | 0.4.0 | 26.78 | 32.36 | 59.14 | NOTE | |
r-devel-linux-x86_64-debian-gcc | 0.4.0 | 18.40 | 23.30 | 41.70 | NOTE | |
r-devel-linux-x86_64-fedora-clang | 0.4.0 | 108.00 | NOTE | |||
r-devel-linux-x86_64-fedora-gcc | 0.4.0 | 111.02 | NOTE | |||
r-devel-macos-arm64 | 0.4.0 | 33.00 | OK | |||
r-devel-macos-x86_64 | 0.4.0 | 54.00 | NOTE | |||
r-devel-windows-x86_64 | 0.4.0 | 31.00 | 74.00 | 105.00 | NOTE | |
r-patched-linux-x86_64 | 0.4.0 | 26.67 | 29.92 | 56.59 | OK | |
r-release-linux-x86_64 | 0.4.0 | 26.24 | 29.50 | 55.74 | OK | |
r-release-macos-arm64 | 0.4.0 | 37.00 | OK | |||
r-release-macos-x86_64 | 0.4.0 | 62.00 | OK | |||
r-release-windows-x86_64 | 0.4.0 | 30.00 | 70.00 | 100.00 | OK | |
r-oldrel-macos-arm64 | 0.4.0 | 33.00 | OK | |||
r-oldrel-macos-x86_64 | 0.4.0 | 61.00 | OK | |||
r-oldrel-windows-x86_64 | 0.4.0 | 39.00 | 96.00 | 135.00 | OK |
Version: 0.4.0
Check: DESCRIPTION meta-information
Result: NOTE
Missing dependency on R >= 4.2.0 because package code uses the pipe
placeholder syntax added in R 4.2.0.
File(s) using such syntax:
‘s3methods.R’
Flavors: r-devel-linux-x86_64-debian-clang, r-devel-linux-x86_64-debian-gcc, r-devel-linux-x86_64-fedora-clang, r-devel-linux-x86_64-fedora-gcc, r-devel-windows-x86_64
Version: 0.4.0
Check: DESCRIPTION meta-information
Result: NOTE
Missing dependency on R >= 4.1.0 because package code uses the pipe
|> or function shorthand \(...) syntax added in R 4.1.0.
File(s) using such syntax:
‘internals.R’ ‘s3methods.R’
Flavor: r-devel-macos-x86_64
These binaries (installable software) and packages are in development.
They may not be fully stable and should be used with caution. We make no claims about them.