Last updated on 2025-05-08 04:52:10 CEST.
Flavor | Version | Tinstall | Tcheck | Ttotal | Status | Flags |
---|---|---|---|---|---|---|
r-devel-linux-x86_64-debian-clang | 0.4.0 | 26.80 | 33.87 | 60.67 | NOTE | |
r-devel-linux-x86_64-debian-gcc | 0.4.0 | 19.76 | 26.12 | 45.88 | NOTE | |
r-devel-linux-x86_64-fedora-clang | 0.4.0 | 107.96 | NOTE | |||
r-devel-linux-x86_64-fedora-gcc | 0.4.0 | 113.07 | NOTE | |||
r-devel-windows-x86_64 | 0.4.0 | 34.00 | 72.00 | 106.00 | NOTE | |
r-patched-linux-x86_64 | 0.4.0 | 28.21 | 30.86 | 59.07 | NOTE | |
r-release-linux-x86_64 | 0.4.0 | 27.26 | 30.99 | 58.25 | NOTE | |
r-release-macos-arm64 | 0.4.0 | 33.00 | NOTE | |||
r-release-macos-x86_64 | 0.4.0 | 61.00 | NOTE | |||
r-release-windows-x86_64 | 0.4.0 | 33.00 | 74.00 | 107.00 | NOTE | |
r-oldrel-macos-arm64 | 0.4.0 | 37.00 | OK | |||
r-oldrel-macos-x86_64 | 0.4.0 | 62.00 | OK | |||
r-oldrel-windows-x86_64 | 0.4.0 | 40.00 | 83.00 | 123.00 | OK |
Version: 0.4.0
Check: DESCRIPTION meta-information
Result: NOTE
Missing dependency on R >= 4.2.0 because package code uses the pipe
placeholder syntax added in R 4.2.0.
File(s) using such syntax:
‘s3methods.R’
Flavors: r-devel-linux-x86_64-debian-clang, r-devel-linux-x86_64-debian-gcc, r-devel-linux-x86_64-fedora-clang, r-devel-linux-x86_64-fedora-gcc, r-devel-windows-x86_64, r-patched-linux-x86_64, r-release-linux-x86_64, r-release-macos-arm64, r-release-macos-x86_64, r-release-windows-x86_64
These binaries (installable software) and packages are in development.
They may not be fully stable and should be used with caution. We make no claims about them.